{"id":833,"date":"2024-06-08T10:03:16","date_gmt":"2024-06-08T15:03:16","guid":{"rendered":"https:\/\/juanchitoys.com\/?post_type=product&#038;p=833"},"modified":"2025-01-23T16:57:16","modified_gmt":"2025-01-23T21:57:16","slug":"keisuke-baji","status":"publish","type":"product","link":"https:\/\/juanchitoys.com\/index.php\/producto\/keisuke-baji\/","title":{"rendered":"KEISUKE BAJI"},"content":{"rendered":"<p>\u00daNETE A LA PANDILLA M\u00c1S PELIGROSA DE TOKYO CON ESTA ESPECTACULAR ESTATUILLA QUE BANPRESTO Y BANDAI NAMCO TRAEN PARA TI.<\/p>\n<p>DE LA EXITOSA PRODUCCI\u00d3N TOKYO REVENGERS, LLEGA A NOSOTROS UNO DE LOS PERSONAJES M\u00c1S IMPREDECIBLES DE LA SERIE, CAPIT\u00c1N DE LA PRIMERA DIVISI\u00d3N DE LA TOKYO MANJI: KEISUKE BAJI.<\/p>\n<p>LA ESTATUILLA RETRATA A BAJI A LA PERFECCI\u00d3N, REPRODUCIENDO A DETALLE CADA RASGO FACIAL QUE LO CARACTERIZA, PROYECTANDO SU FEROZ PERSONALIDAD, LUCIENDO SU EXTRAORDINARIA CABELLERA, LA CUAL SE ENCUENTRA VISIBLEMENTE SACUDIDA POR EL VIENTO.<\/p>\n<p>BAJI OBSERVA CON DESPRECIO AL HORIZONTE MIENTRAS PORTA ORGULLOSO LA DISTINTIVA CHAQUETA DE LA ORGANIZACI\u00d3N WALHALLA, LA CUAL SE ENCUENTRA ESPECTACULARMENTE BIEN REALIZADA, CAPTURANDO LOS DISTINTOS PLIEGUES QUE LA PRENDA SUFRE AL OPONERSE AL VIENTO.<\/p>\n<p>FICHA TECNICA:<br \/>\n*ALTURA 16 CM<br \/>\n*MARCA BANDAI<br \/>\n*MATERIAL PVC<br \/>\n*FIGURA NO ARTICULABLE<br \/>\n*ORIGEN JAPON<\/p>\n","protected":false},"excerpt":{"rendered":"<p>DE LA EXITOSA PRODUCCI\u00d3N TOKYO REVENGERS, LLEGA A NOSOTROS UNO DE LOS PERSONAJES M\u00c1S IMPREDECIBLES DE LA SERIE, CAPIT\u00c1N DE LA PRIMERA DIVISI\u00d3N DE LA TOKYO MANJI: KEISUKE BAJI.<\/p>\n","protected":false},"featured_media":835,"comment_status":"open","ping_status":"closed","template":"","meta":[],"product_brand":[],"product_cat":[29],"product_tag":[35],"class_list":{"0":"post-833","1":"product","2":"type-product","3":"status-publish","4":"has-post-thumbnail","6":"product_cat-tokyo-revengers","7":"product_tag-bandai","9":"first","10":"instock","11":"sale","12":"shipping-taxable","13":"purchasable","14":"product-type-simple"},"_links":{"self":[{"href":"https:\/\/juanchitoys.com\/index.php\/wp-json\/wp\/v2\/product\/833","targetHints":{"allow":["GET"]}}],"collection":[{"href":"https:\/\/juanchitoys.com\/index.php\/wp-json\/wp\/v2\/product"}],"about":[{"href":"https:\/\/juanchitoys.com\/index.php\/wp-json\/wp\/v2\/types\/product"}],"replies":[{"embeddable":true,"href":"https:\/\/juanchitoys.com\/index.php\/wp-json\/wp\/v2\/comments?post=833"}],"wp:featuredmedia":[{"embeddable":true,"href":"https:\/\/juanchitoys.com\/index.php\/wp-json\/wp\/v2\/media\/835"}],"wp:attachment":[{"href":"https:\/\/juanchitoys.com\/index.php\/wp-json\/wp\/v2\/media?parent=833"}],"wp:term":[{"taxonomy":"product_brand","embeddable":true,"href":"https:\/\/juanchitoys.com\/index.php\/wp-json\/wp\/v2\/product_brand?post=833"},{"taxonomy":"product_cat","embeddable":true,"href":"https:\/\/juanchitoys.com\/index.php\/wp-json\/wp\/v2\/product_cat?post=833"},{"taxonomy":"product_tag","embeddable":true,"href":"https:\/\/juanchitoys.com\/index.php\/wp-json\/wp\/v2\/product_tag?post=833"}],"curies":[{"name":"wp","href":"https:\/\/api.w.org\/{rel}","templated":true}]}}