{"id":768,"date":"2024-06-08T09:36:20","date_gmt":"2024-06-08T14:36:20","guid":{"rendered":"https:\/\/juanchitoys.com\/?post_type=product&#038;p=768"},"modified":"2025-01-23T19:03:39","modified_gmt":"2025-01-24T00:03:39","slug":"rem-dianacht-couture-banpresto","status":"publish","type":"product","link":"https:\/\/juanchitoys.com\/index.php\/producto\/rem-dianacht-couture-banpresto\/","title":{"rendered":"REM DIANACHT COUTURE BANPRESTO"},"content":{"rendered":"<p>\u00a1BANPRESTO TRAE DIRECTO DEL POPULAR ANIME RE ZERO STARTING LIFE IN ANOTHER WORLD, LA ESTATUA DE REM EN LA NUEVA L\u00cdNEA DIANACHT COUTURE!. ESTA FIGURA MIDE APROXIMADAMENTE 7.9 PULGADAS DE ALTO. LA ESTATUA DE REM VIENE CON INCRE\u00cdBLES Y FINOS DETALLES, MOSTRANDO UN HERMOSO ATUENDO EN UN TONO MET\u00c1LICO OSCURO. LLEVA A CASA ESTA INCRE\u00cdBLE ESTATUA QUE SIN DUDA SER\u00c1 UNA GRAN ADICI\u00d3N A TU COLECCI\u00d3N DE RE ZERO.<\/p>\n<p>FICHA TECNICA:<br \/>\nALTURA APROXIMADA DE 20 CM.<br \/>\nFABRICADO EN PVC.<br \/>\nBASADO EN EL ANIME RE ZERO STARTING LIFE IN ANOTHER WORLD.<br \/>\nINCLUYE BASE.<br \/>\nPARTE DE LA COLECCI\u00d3N DIANACHT COUTURE<br \/>\nORIGEN JAPON<\/p>\n","protected":false},"excerpt":{"rendered":"<p>\u00a1BANPRESTO TRAE DIRECTO DEL POPULAR ANIME RE ZERO STARTING LIFE IN ANOTHER WORLD, LA ESTATUA DE REM EN LA NUEVA L\u00cdNEA DIANACHT COUTURE!<\/p>\n","protected":false},"featured_media":769,"comment_status":"open","ping_status":"closed","template":"","meta":[],"product_brand":[],"product_cat":[26],"product_tag":[52],"class_list":{"0":"post-768","1":"product","2":"type-product","3":"status-publish","4":"has-post-thumbnail","6":"product_cat-re-zero","7":"product_tag-banpresto","9":"first","10":"instock","11":"shipping-taxable","12":"purchasable","13":"product-type-simple"},"_links":{"self":[{"href":"https:\/\/juanchitoys.com\/index.php\/wp-json\/wp\/v2\/product\/768","targetHints":{"allow":["GET"]}}],"collection":[{"href":"https:\/\/juanchitoys.com\/index.php\/wp-json\/wp\/v2\/product"}],"about":[{"href":"https:\/\/juanchitoys.com\/index.php\/wp-json\/wp\/v2\/types\/product"}],"replies":[{"embeddable":true,"href":"https:\/\/juanchitoys.com\/index.php\/wp-json\/wp\/v2\/comments?post=768"}],"wp:featuredmedia":[{"embeddable":true,"href":"https:\/\/juanchitoys.com\/index.php\/wp-json\/wp\/v2\/media\/769"}],"wp:attachment":[{"href":"https:\/\/juanchitoys.com\/index.php\/wp-json\/wp\/v2\/media?parent=768"}],"wp:term":[{"taxonomy":"product_brand","embeddable":true,"href":"https:\/\/juanchitoys.com\/index.php\/wp-json\/wp\/v2\/product_brand?post=768"},{"taxonomy":"product_cat","embeddable":true,"href":"https:\/\/juanchitoys.com\/index.php\/wp-json\/wp\/v2\/product_cat?post=768"},{"taxonomy":"product_tag","embeddable":true,"href":"https:\/\/juanchitoys.com\/index.php\/wp-json\/wp\/v2\/product_tag?post=768"}],"curies":[{"name":"wp","href":"https:\/\/api.w.org\/{rel}","templated":true}]}}