{"id":3763,"date":"2026-01-12T14:34:35","date_gmt":"2026-01-12T19:34:35","guid":{"rendered":"https:\/\/juanchitoys.com\/?post_type=product&#038;p=3763"},"modified":"2026-01-12T14:34:36","modified_gmt":"2026-01-12T19:34:36","slug":"sakura-haruno-vibration-stars-bandai","status":"publish","type":"product","link":"https:\/\/juanchitoys.com\/index.php\/producto\/sakura-haruno-vibration-stars-bandai\/","title":{"rendered":"SAKURA HARUNO VIBRATION STARS BANDAI"},"content":{"rendered":"<h3>FIGURA SAKURA HARUNO \u2013 VIBRATION STARS \u2013 BANPRESTO \u2013 NARUTO SHIPPUDEN<\/h3>\n<p>LA FIGURA SAKURA HARUNO \u2013 VIBRATION STARS ES UNA FIGURA COLECCIONABLE OFICIAL DEL ANIME NARUTO SHIPPUDEN, PRODUCIDA POR BANPRESTO, PARTE DE BANDAI SPIRITS, DENTRO DE LA POPULAR L\u00cdNEA VIBRATION STARS. ESTA FIGURA REPRESENTA A SAKURA HARUNO, LA KUNOICHI FUERTE Y DECIDIDA DE LA ALDEA DE LA HOJA, EN UNA POSE DIN\u00c1MICA Y EN\u00c9RGICA QUE REFLEJA SU CRECIMIENTO COMO NINJA Y SU ESP\u00cdRITU DE LUCHA EN BATALLAS CLAVE DE LA SERIE.<\/p>\n<h3>CARACTER\u00cdSTICAS DEL PERSONAJE:<\/h3>\n<p>PERSONAJE: SAKURA HARUNO<\/p>\n<p>SERIE: NARUTO SHIPPUDEN<\/p>\n<p>MARCA \/ FABRICANTE: BANPRESTO<\/p>\n<p>COLECCI\u00d3N: VIBRATION STARS<\/p>\n<p>ALTURA APROXIMADA: 16 CM<\/p>\n<p>MATERIAL: PVC Y ABS DE ALTA CALIDAD<\/p>\n<p>POSE: DIN\u00c1MICA, EXPRESANDO ENERG\u00cdA DE COMBATE Y DETERMINACI\u00d3N<\/p>\n<p>INCLUYE: BASE DE SOPORTE PARA EXHIBICI\u00d3N<\/p>\n<p>LICENCIA: OFICIAL NARUTO SHIPPUDEN<\/p>\n","protected":false},"excerpt":{"rendered":"<p>LA FIGURA SAKURA HARUNO \u2013 VIBRATION STARS ES UNA FIGURA COLECCIONABLE OFICIAL DEL ANIME NARUTO SHIPPUDEN, PRODUCIDA POR BANPRESTO, PARTE DE BANDAI SPIRITS, DENTRO DE LA POPULAR L\u00cdNEA VIBRATION STARS. ESTA FIGURA REPRESENTA A SAKURA HARUNO, LA KUNOICHI FUERTE Y DECIDIDA DE LA ALDEA DE LA HOJA, EN UNA POSE DIN\u00c1MICA Y EN\u00c9RGICA QUE REFLEJA SU CRECIMIENTO COMO NINJA Y SU ESP\u00cdRITU DE LUCHA EN BATALLAS CLAVE DE LA SERIE.<\/p>\n","protected":false},"featured_media":3764,"comment_status":"open","ping_status":"closed","template":"","meta":[],"product_brand":[],"product_cat":[31,89],"product_tag":[35,48],"class_list":{"0":"post-3763","1":"product","2":"type-product","3":"status-publish","4":"has-post-thumbnail","6":"product_cat-naruto","7":"product_cat-novedades","8":"product_tag-bandai","9":"product_tag-vibration-stars","11":"first","12":"instock","13":"shipping-taxable","14":"purchasable","15":"product-type-simple"},"_links":{"self":[{"href":"https:\/\/juanchitoys.com\/index.php\/wp-json\/wp\/v2\/product\/3763","targetHints":{"allow":["GET"]}}],"collection":[{"href":"https:\/\/juanchitoys.com\/index.php\/wp-json\/wp\/v2\/product"}],"about":[{"href":"https:\/\/juanchitoys.com\/index.php\/wp-json\/wp\/v2\/types\/product"}],"replies":[{"embeddable":true,"href":"https:\/\/juanchitoys.com\/index.php\/wp-json\/wp\/v2\/comments?post=3763"}],"wp:featuredmedia":[{"embeddable":true,"href":"https:\/\/juanchitoys.com\/index.php\/wp-json\/wp\/v2\/media\/3764"}],"wp:attachment":[{"href":"https:\/\/juanchitoys.com\/index.php\/wp-json\/wp\/v2\/media?parent=3763"}],"wp:term":[{"taxonomy":"product_brand","embeddable":true,"href":"https:\/\/juanchitoys.com\/index.php\/wp-json\/wp\/v2\/product_brand?post=3763"},{"taxonomy":"product_cat","embeddable":true,"href":"https:\/\/juanchitoys.com\/index.php\/wp-json\/wp\/v2\/product_cat?post=3763"},{"taxonomy":"product_tag","embeddable":true,"href":"https:\/\/juanchitoys.com\/index.php\/wp-json\/wp\/v2\/product_tag?post=3763"}],"curies":[{"name":"wp","href":"https:\/\/api.w.org\/{rel}","templated":true}]}}