{"id":3144,"date":"2025-07-17T11:44:52","date_gmt":"2025-07-17T16:44:52","guid":{"rendered":"https:\/\/juanchitoys.com\/?post_type=product&#038;p=3144"},"modified":"2025-07-17T11:44:53","modified_gmt":"2025-07-17T16:44:53","slug":"son-goku-super-saiyan-grandista-bandai","status":"publish","type":"product","link":"https:\/\/juanchitoys.com\/index.php\/producto\/son-goku-super-saiyan-grandista-bandai\/","title":{"rendered":"SON GOKU SUPER SAIYAN GRANDISTA BANDAI"},"content":{"rendered":"<p>\u00a1LLEVA A CASA LA FUERZA LEGENDARIA DEL SAIYAJIN M\u00c1S FAMOSO DEL UNIVERSO! ESTA ESPECTACULAR FIGURA DE SON GOKU SUPER SAIYAN DE LA L\u00cdNEA GRANDISTA CAPTURA A LA PERFECCI\u00d3N TODA LA INTENSIDAD Y PODER DEL PROTAGONISTA DE DRAGON BALL Z EN UNA DE SUS TRANSFORMACIONES M\u00c1S IC\u00d3NICAS. CON UNA POSTURA DESAFIANTE, EXPRESI\u00d3N DETERMINADA Y UN NIVEL DE DETALLE SOBRESALIENTE, ESTA FIGURA TRANSMITE TODA LA ENERG\u00cdA DEL COMBATE AL INSTANTE.<\/p>\n<p>EL ESCULPIDO PRECISO EN EL CABELLO DORADO, LOS M\u00daSCULOS MARCADOS Y EL UNIFORME DA\u00d1ADO POR LA BATALLA HACEN QUE ESTA PIEZA SE DESTAQUE EN CUALQUIER COLECCI\u00d3N. GRACIAS A SU GRAN TAMA\u00d1O Y ACABADOS REALISTAS, ES IDEAL TANTO PARA EXHIBIDORES VETERANOS COMO PARA NUEVOS FANS DEL UNIVERSO DE AKIRA TORIYAMA.<\/p>\n<p>UNA FIGURA IMPRESCINDIBLE PARA LOS VERDADEROS FAN\u00c1TICOS DE DRAGON BALL, PERFECTA PARA MOSTRAR CON ORGULLO EN VITRINAS, ESCRITORIOS O REPISAS.<\/p>\n<p>FICHA TECNICA:<\/p>\n<p>L\u00cdNEA: GRANDISTA<br \/>\nFABRICANTE: BANPRESTO \/ BANDAI SPIRITS<br \/>\nMATERIAL: PVC Y ABS<br \/>\nALTURA APROXIMADA: 22 CM<br \/>\nDETALLES: EXCELENTE ESCULPIDO, ACABADOS N\u00cdTIDOS, CABELLO Y MUSCULATURA DETALLADOS<\/p>\n","protected":false},"excerpt":{"rendered":"<p>\u00a1LLEVA A CASA LA FUERZA LEGENDARIA DEL SAIYAJIN M\u00c1S FAMOSO DEL UNIVERSO! ESTA ESPECTACULAR FIGURA DE SON GOKU SUPER SAIYAN DE LA L\u00cdNEA GRANDISTA CAPTURA A LA PERFECCI\u00d3N TODA LA INTENSIDAD Y PODER DEL PROTAGONISTA DE DRAGON BALL Z EN UNA DE SUS TRANSFORMACIONES M\u00c1S IC\u00d3NICAS. CON UNA POSTURA DESAFIANTE, EXPRESI\u00d3N DETERMINADA Y UN NIVEL DE DETALLE SOBRESALIENTE, ESTA FIGURA TRANSMITE TODA LA ENERG\u00cdA DEL COMBATE AL INSTANTE.<\/p>\n","protected":false},"featured_media":3146,"comment_status":"open","ping_status":"closed","template":"","meta":[],"product_brand":[],"product_cat":[18,89],"product_tag":[35,56],"class_list":{"0":"post-3144","1":"product","2":"type-product","3":"status-publish","4":"has-post-thumbnail","6":"product_cat-dragon-ball","7":"product_cat-novedades","8":"product_tag-bandai","9":"product_tag-grandista","11":"first","12":"instock","13":"shipping-taxable","14":"purchasable","15":"product-type-simple"},"_links":{"self":[{"href":"https:\/\/juanchitoys.com\/index.php\/wp-json\/wp\/v2\/product\/3144","targetHints":{"allow":["GET"]}}],"collection":[{"href":"https:\/\/juanchitoys.com\/index.php\/wp-json\/wp\/v2\/product"}],"about":[{"href":"https:\/\/juanchitoys.com\/index.php\/wp-json\/wp\/v2\/types\/product"}],"replies":[{"embeddable":true,"href":"https:\/\/juanchitoys.com\/index.php\/wp-json\/wp\/v2\/comments?post=3144"}],"wp:featuredmedia":[{"embeddable":true,"href":"https:\/\/juanchitoys.com\/index.php\/wp-json\/wp\/v2\/media\/3146"}],"wp:attachment":[{"href":"https:\/\/juanchitoys.com\/index.php\/wp-json\/wp\/v2\/media?parent=3144"}],"wp:term":[{"taxonomy":"product_brand","embeddable":true,"href":"https:\/\/juanchitoys.com\/index.php\/wp-json\/wp\/v2\/product_brand?post=3144"},{"taxonomy":"product_cat","embeddable":true,"href":"https:\/\/juanchitoys.com\/index.php\/wp-json\/wp\/v2\/product_cat?post=3144"},{"taxonomy":"product_tag","embeddable":true,"href":"https:\/\/juanchitoys.com\/index.php\/wp-json\/wp\/v2\/product_tag?post=3144"}],"curies":[{"name":"wp","href":"https:\/\/api.w.org\/{rel}","templated":true}]}}