{"id":2991,"date":"2025-06-18T10:32:44","date_gmt":"2025-06-18T15:32:44","guid":{"rendered":"https:\/\/juanchitoys.com\/?post_type=product&#038;p=2991"},"modified":"2025-10-29T10:05:24","modified_gmt":"2025-10-29T15:05:24","slug":"super-trunks-dbs-chosenshiretsuden-vol-7-banpresto","status":"publish","type":"product","link":"https:\/\/juanchitoys.com\/index.php\/producto\/super-trunks-dbs-chosenshiretsuden-vol-7-banpresto\/","title":{"rendered":"SUPER TRUNKS DBS CHOSENSHIRETSUDEN VOL 7 BANPRESTO"},"content":{"rendered":"<p>\u00a1EL PODER SAIYAJIN EXPLOTA CON FUERZA! ESTA IMPRESIONANTE FIGURA DE SUPER TRUNKS \u2013 CHOSENSHIRETSUDEN VOL. 7 DE BANPRESTO PRESENTA AL PODEROSO GUERRERO EN SU TRANSFORMACI\u00d3N MUSCULAR DURANTE LA SAGA DE DRAGON BALL SUPER.<\/p>\n<p>CON EL CUERPO VISIBLEMENTE M\u00c1S ROBUSTO, CABELLO DORADO ERIZADO Y UNA EXPRESI\u00d3N FEROZ, TRUNKS EST\u00c1 LISTO PARA DESATAR SU PODER. LA FIGURA DESTACA POR SU ESCULTURA MUSCULOSA Y POSTURA DE COMBATE, FIEL AL MOMENTO EN EL QUE ALCANZA UNA VERSI\u00d3N EXTREMA DEL SUPER SAIYAN. VIENE CON BASE NEGRA PARA UNA EXHIBICI\u00d3N SEGURA Y EST\u00c9TICA.<\/p>\n<p>FICHA TECNICA:<\/p>\n<p>MARCA: BANPRESTO \/ BANDAI SPIRITS<br \/>\nL\u00cdNEA: CHOUSENSHI RETSUDEN (CHOSENSHIRETSUDEN) VOL. 7<br \/>\nSERIE: DRAGON BALL SUPER<br \/>\nMATERIAL: PVC Y ABS<br \/>\nALTURA APROXIMADA: 18 CM<br \/>\nINCLUYE BASE NEGRA<\/p>\n<p>POSE PODEROSA EN ESTADO SUPER SAIYAN FULL POWER<\/p>\n<p>UNA FIGURA IDEAL PARA LOS FANS DE TRUNKS Y COLECCIONISTAS QUE BUSCAN MOMENTOS IC\u00d3NICOS DE DRAGON BALL SUPER. \u00a1NO PUEDE FALTAR EN TU VITRINA SAIYAJIN!<\/p>\n","protected":false},"excerpt":{"rendered":"<p>\u00a1EL PODER SAIYAJIN EXPLOTA CON FUERZA! ESTA IMPRESIONANTE FIGURA DE SUPER TRUNKS \u2013 CHOSENSHIRETSUDEN VOL. 7 DE BANPRESTO PRESENTA AL PODEROSO GUERRERO EN SU TRANSFORMACI\u00d3N MUSCULAR DURANTE LA SAGA DE DRAGON BALL SUPER.<\/p>\n","protected":false},"featured_media":2994,"comment_status":"open","ping_status":"closed","template":"","meta":[],"product_brand":[],"product_cat":[18,89],"product_tag":[35,52],"class_list":{"0":"post-2991","1":"product","2":"type-product","3":"status-publish","4":"has-post-thumbnail","6":"product_cat-dragon-ball","7":"product_cat-novedades","8":"product_tag-bandai","9":"product_tag-banpresto","11":"first","12":"outofstock","13":"shipping-taxable","14":"purchasable","15":"product-type-simple"},"_links":{"self":[{"href":"https:\/\/juanchitoys.com\/index.php\/wp-json\/wp\/v2\/product\/2991","targetHints":{"allow":["GET"]}}],"collection":[{"href":"https:\/\/juanchitoys.com\/index.php\/wp-json\/wp\/v2\/product"}],"about":[{"href":"https:\/\/juanchitoys.com\/index.php\/wp-json\/wp\/v2\/types\/product"}],"replies":[{"embeddable":true,"href":"https:\/\/juanchitoys.com\/index.php\/wp-json\/wp\/v2\/comments?post=2991"}],"wp:featuredmedia":[{"embeddable":true,"href":"https:\/\/juanchitoys.com\/index.php\/wp-json\/wp\/v2\/media\/2994"}],"wp:attachment":[{"href":"https:\/\/juanchitoys.com\/index.php\/wp-json\/wp\/v2\/media?parent=2991"}],"wp:term":[{"taxonomy":"product_brand","embeddable":true,"href":"https:\/\/juanchitoys.com\/index.php\/wp-json\/wp\/v2\/product_brand?post=2991"},{"taxonomy":"product_cat","embeddable":true,"href":"https:\/\/juanchitoys.com\/index.php\/wp-json\/wp\/v2\/product_cat?post=2991"},{"taxonomy":"product_tag","embeddable":true,"href":"https:\/\/juanchitoys.com\/index.php\/wp-json\/wp\/v2\/product_tag?post=2991"}],"curies":[{"name":"wp","href":"https:\/\/api.w.org\/{rel}","templated":true}]}}