{"id":2949,"date":"2025-06-17T09:07:30","date_gmt":"2025-06-17T14:07:30","guid":{"rendered":"https:\/\/juanchitoys.com\/?post_type=product&#038;p=2949"},"modified":"2026-01-06T14:50:10","modified_gmt":"2026-01-06T19:50:10","slug":"sanji-film-z-figuarts-zero-tamashii-nation-bandai","status":"publish","type":"product","link":"https:\/\/juanchitoys.com\/index.php\/producto\/sanji-film-z-figuarts-zero-tamashii-nation-bandai\/","title":{"rendered":"SANJI FILM Z FIGUARTS ZERO TAMASHII NATION BANDAI"},"content":{"rendered":"<p>SANJI SE PREPARA PARA EL COMBATE ARMADO EN ESTA ESPECTACULAR FIGURA BASADA EN ONE PIECE FILM Z! ESTA VERSI\u00d3N DE SANJI \u2013 FIGUARTS ZERO (TAMASHII NATIONS \/ BANDAI) LO MUESTRA CON UN DISE\u00d1O IMPONENTE, VISTIENDO SU TRAJE T\u00c1CTICO NEGRO CON DETALLES EN GRIS Y EMPU\u00d1ANDO DOS POTENTES ARMAS DE FUEGO, TAL COMO APARECE EN LA EXITOSA PEL\u00cdCULA.<\/p>\n<p>LA FIGURA DESTACA POR SU CALIDAD DE ESCULPIDO, ACABADOS PULIDOS Y UNA POSTURA DESAFIANTE LISTA PARA LA ACCI\u00d3N. LA CAJA VIENE EN UN ELEGANTE COLOR ROJO CON VENTANAS FRONTALES QUE PERMITEN ADMIRAR LA FIGURA DESDE FUERA.<\/p>\n<p>FICHA TECNICA:<\/p>\n<p>MARCA: BANDAI \/ TAMASHII NATIONS<br \/>\nL\u00cdNEA: FIGUARTS ZERO<br \/>\nPERSONAJE: SANJI \u2013 FILM Z (VERSI\u00d3N ARMADA)<br \/>\nMATERIAL: PVC Y ABS<br \/>\nALTURA APROXIMADA: 15 CM<br \/>\nINCLUYE BASE DE SOPORTE<\/p>\n","protected":false},"excerpt":{"rendered":"<p>SANJI SE PREPARA PARA EL COMBATE ARMADO EN ESTA ESPECTACULAR FIGURA BASADA EN ONE PIECE FILM Z! ESTA VERSI\u00d3N DE SANJI \u2013 FIGUARTS ZERO (TAMASHII NATIONS \/ BANDAI) LO MUESTRA CON UN DISE\u00d1O IMPONENTE, VISTIENDO SU TRAJE T\u00c1CTICO NEGRO CON DETALLES EN GRIS Y EMPU\u00d1ANDO DOS POTENTES ARMAS DE FUEGO, TAL COMO APARECE EN LA EXITOSA PEL\u00cdCULA.<\/p>\n","protected":false},"featured_media":2950,"comment_status":"open","ping_status":"closed","template":"","meta":[],"product_brand":[],"product_cat":[19,89],"product_tag":[35,83],"class_list":{"0":"post-2949","1":"product","2":"type-product","3":"status-publish","4":"has-post-thumbnail","6":"product_cat-one-piece","7":"product_cat-novedades","8":"product_tag-bandai","9":"product_tag-figuarts-zero","11":"first","12":"outofstock","13":"shipping-taxable","14":"purchasable","15":"product-type-simple"},"_links":{"self":[{"href":"https:\/\/juanchitoys.com\/index.php\/wp-json\/wp\/v2\/product\/2949","targetHints":{"allow":["GET"]}}],"collection":[{"href":"https:\/\/juanchitoys.com\/index.php\/wp-json\/wp\/v2\/product"}],"about":[{"href":"https:\/\/juanchitoys.com\/index.php\/wp-json\/wp\/v2\/types\/product"}],"replies":[{"embeddable":true,"href":"https:\/\/juanchitoys.com\/index.php\/wp-json\/wp\/v2\/comments?post=2949"}],"wp:featuredmedia":[{"embeddable":true,"href":"https:\/\/juanchitoys.com\/index.php\/wp-json\/wp\/v2\/media\/2950"}],"wp:attachment":[{"href":"https:\/\/juanchitoys.com\/index.php\/wp-json\/wp\/v2\/media?parent=2949"}],"wp:term":[{"taxonomy":"product_brand","embeddable":true,"href":"https:\/\/juanchitoys.com\/index.php\/wp-json\/wp\/v2\/product_brand?post=2949"},{"taxonomy":"product_cat","embeddable":true,"href":"https:\/\/juanchitoys.com\/index.php\/wp-json\/wp\/v2\/product_cat?post=2949"},{"taxonomy":"product_tag","embeddable":true,"href":"https:\/\/juanchitoys.com\/index.php\/wp-json\/wp\/v2\/product_tag?post=2949"}],"curies":[{"name":"wp","href":"https:\/\/api.w.org\/{rel}","templated":true}]}}