{"id":2935,"date":"2025-06-14T14:36:14","date_gmt":"2025-06-14T19:36:14","guid":{"rendered":"https:\/\/juanchitoys.com\/?post_type=product&#038;p=2935"},"modified":"2025-06-14T14:36:15","modified_gmt":"2025-06-14T19:36:15","slug":"marco-the-grandline-men-vol-11-dxf-banpresto","status":"publish","type":"product","link":"https:\/\/juanchitoys.com\/index.php\/producto\/marco-the-grandline-men-vol-11-dxf-banpresto\/","title":{"rendered":"MARCO THE GRANDLINE MEN VOL 11 DXF BANPRESTO"},"content":{"rendered":"<p>FIGURA MARCO \u2013 THE GRANDLINE MEN VOL. 11 \u2013 DXF \u2013 BANPRESTO<\/p>\n<p>\u00a1EL F\u00c9NIX ALZA EL VUELO EN TU COLECCI\u00d3N! ESTA FIGURA DE MARCO, COMANDANTE DE LA PRIMERA DIVISI\u00d3N DE LOS PIRATAS DE BARBABLANCA, FORMA PARTE DE LA RECONOCIDA SERIE THE GRANDLINE MEN VOL. 11 DE BANPRESTO.<\/p>\n<p>CON SU POSTURA RELAJADA PERO IMPONENTE, SU CARACTER\u00cdSTICO ABRIGO AZUL Y LA EXPRESI\u00d3N SERENA QUE LO DISTINGUE, ESTA FIGURA REFLEJA FIELMENTE EL ESTILO Y PERSONALIDAD DEL PODEROSO USUARIO DE LA FRUTA DEL F\u00c9NIX.<\/p>\n<p>DESCRIPCION DEL PRODUCTO:<\/p>\n<p>ALTURA APROXIMADA: 17 CM<br \/>\nMATERIAL: PVC Y ABS DE ALTA CALIDAD<br \/>\nCOLECCI\u00d3N: DXF \u2013 THE GRANDLINE MEN VOL. 11<br \/>\nDETALLES Y ESCULPIDO INSPIRADOS EN EL ANIME ONE PIECE<br \/>\nPRODUCTO ORIGINAL BANPRESTO (BANDAI SPIRITS) CON LICENCIA OFICIAL<\/p>\n","protected":false},"excerpt":{"rendered":"<p>\u00a1EL F\u00c9NIX ALZA EL VUELO EN TU COLECCI\u00d3N! ESTA FIGURA DE MARCO, COMANDANTE DE LA PRIMERA DIVISI\u00d3N DE LOS PIRATAS DE BARBABLANCA, FORMA PARTE DE LA RECONOCIDA SERIE THE GRANDLINE MEN VOL. 11 DE BANPRESTO.<\/p>\n","protected":false},"featured_media":2937,"comment_status":"open","ping_status":"closed","template":"","meta":[],"product_brand":[],"product_cat":[19,89],"product_tag":[35,38],"class_list":{"0":"post-2935","1":"product","2":"type-product","3":"status-publish","4":"has-post-thumbnail","6":"product_cat-one-piece","7":"product_cat-novedades","8":"product_tag-bandai","9":"product_tag-dxf","11":"first","12":"instock","13":"shipping-taxable","14":"purchasable","15":"product-type-simple"},"_links":{"self":[{"href":"https:\/\/juanchitoys.com\/index.php\/wp-json\/wp\/v2\/product\/2935","targetHints":{"allow":["GET"]}}],"collection":[{"href":"https:\/\/juanchitoys.com\/index.php\/wp-json\/wp\/v2\/product"}],"about":[{"href":"https:\/\/juanchitoys.com\/index.php\/wp-json\/wp\/v2\/types\/product"}],"replies":[{"embeddable":true,"href":"https:\/\/juanchitoys.com\/index.php\/wp-json\/wp\/v2\/comments?post=2935"}],"wp:featuredmedia":[{"embeddable":true,"href":"https:\/\/juanchitoys.com\/index.php\/wp-json\/wp\/v2\/media\/2937"}],"wp:attachment":[{"href":"https:\/\/juanchitoys.com\/index.php\/wp-json\/wp\/v2\/media?parent=2935"}],"wp:term":[{"taxonomy":"product_brand","embeddable":true,"href":"https:\/\/juanchitoys.com\/index.php\/wp-json\/wp\/v2\/product_brand?post=2935"},{"taxonomy":"product_cat","embeddable":true,"href":"https:\/\/juanchitoys.com\/index.php\/wp-json\/wp\/v2\/product_cat?post=2935"},{"taxonomy":"product_tag","embeddable":true,"href":"https:\/\/juanchitoys.com\/index.php\/wp-json\/wp\/v2\/product_tag?post=2935"}],"curies":[{"name":"wp","href":"https:\/\/api.w.org\/{rel}","templated":true}]}}