{"id":2892,"date":"2025-06-14T11:03:36","date_gmt":"2025-06-14T16:03:36","guid":{"rendered":"https:\/\/juanchitoys.com\/?post_type=product&#038;p=2892"},"modified":"2026-01-06T14:52:03","modified_gmt":"2026-01-06T19:52:03","slug":"luffy-new-world-figuarts-zero","status":"publish","type":"product","link":"https:\/\/juanchitoys.com\/index.php\/producto\/luffy-new-world-figuarts-zero\/","title":{"rendered":"LUFFY NEW WORLD FIGUARTS ZERO"},"content":{"rendered":"<p>\u00a1EL FUTURO REY DE LOS PIRATAS LLEGA CON TODO SU PODER! ESTA INCRE\u00cdBLE FIGURA DE MONKEY D. LUFFY DE LA L\u00cdNEA FIGUARTS ZERO REPRESENTA AL CARISM\u00c1TICO CAPIT\u00c1N DE LOS SOMBRERO DE PAJA EN SU VERSI\u00d3N DEL NUEVO MUNDO. FABRICADA POR BANDAI, LA FIGURA CAPTURA A LUFFY EN UNA POSE DIN\u00c1MICA, CON SU IC\u00d3NICO ABRIGO ROJO ONDEANDO AL VIENTO Y UNA EXPRESI\u00d3N DECIDIDA QUE REFLEJA SU ESP\u00cdRITU INDOMABLE.<\/p>\n<p>FICHA TECNICA:<br \/>\nALTURA: 15 CM<br \/>\nMATERIAL: PVC DE ALTA CALIDAD<br \/>\nDETALLES FINOS: EXCELENTE ESCULPIDO Y PINTADO CON ACABADOS PREMIUM<br \/>\nINCLUYE BASE DE EXHIBICI\u00d3N<\/p>\n","protected":false},"excerpt":{"rendered":"<p>\u00a1EL FUTURO REY DE LOS PIRATAS LLEGA CON TODO SU PODER! ESTA INCRE\u00cdBLE FIGURA DE MONKEY D. LUFFY DE LA L\u00cdNEA FIGUARTS ZERO REPRESENTA AL CARISM\u00c1TICO CAPIT\u00c1N DE LOS SOMBRERO DE PAJA EN SU VERSI\u00d3N DEL NUEVO MUNDO.<\/p>\n","protected":false},"featured_media":2894,"comment_status":"open","ping_status":"closed","template":"","meta":[],"product_brand":[],"product_cat":[19,89],"product_tag":[35,83],"class_list":{"0":"post-2892","1":"product","2":"type-product","3":"status-publish","4":"has-post-thumbnail","6":"product_cat-one-piece","7":"product_cat-novedades","8":"product_tag-bandai","9":"product_tag-figuarts-zero","11":"first","12":"outofstock","13":"shipping-taxable","14":"purchasable","15":"product-type-simple"},"_links":{"self":[{"href":"https:\/\/juanchitoys.com\/index.php\/wp-json\/wp\/v2\/product\/2892","targetHints":{"allow":["GET"]}}],"collection":[{"href":"https:\/\/juanchitoys.com\/index.php\/wp-json\/wp\/v2\/product"}],"about":[{"href":"https:\/\/juanchitoys.com\/index.php\/wp-json\/wp\/v2\/types\/product"}],"replies":[{"embeddable":true,"href":"https:\/\/juanchitoys.com\/index.php\/wp-json\/wp\/v2\/comments?post=2892"}],"wp:featuredmedia":[{"embeddable":true,"href":"https:\/\/juanchitoys.com\/index.php\/wp-json\/wp\/v2\/media\/2894"}],"wp:attachment":[{"href":"https:\/\/juanchitoys.com\/index.php\/wp-json\/wp\/v2\/media?parent=2892"}],"wp:term":[{"taxonomy":"product_brand","embeddable":true,"href":"https:\/\/juanchitoys.com\/index.php\/wp-json\/wp\/v2\/product_brand?post=2892"},{"taxonomy":"product_cat","embeddable":true,"href":"https:\/\/juanchitoys.com\/index.php\/wp-json\/wp\/v2\/product_cat?post=2892"},{"taxonomy":"product_tag","embeddable":true,"href":"https:\/\/juanchitoys.com\/index.php\/wp-json\/wp\/v2\/product_tag?post=2892"}],"curies":[{"name":"wp","href":"https:\/\/api.w.org\/{rel}","templated":true}]}}