{"id":2802,"date":"2024-11-07T10:09:16","date_gmt":"2024-11-07T15:09:16","guid":{"rendered":"https:\/\/juanchitoys.com\/?post_type=product&#038;p=2802"},"modified":"2025-11-18T18:25:37","modified_gmt":"2025-11-18T23:25:37","slug":"asuna-bicute-bunnies-furyu","status":"publish","type":"product","link":"https:\/\/juanchitoys.com\/index.php\/producto\/asuna-bicute-bunnies-furyu\/","title":{"rendered":"ASUNA BICUTE BUNNIES FURYU"},"content":{"rendered":"<p>LA ASUNA B-STYLE BICUTE BUNNIES DE FURYU ES UNA FIGURA INSPIRADA EN EL PERSONAJE ASUNA YUUKI DE SWORD ART ONLINE, PRESENTADA EN UN ADORABLE TRAJE DE CONEJITA. CON DETALLES METICULOSOS EN SU EXPRESI\u00d3N Y VESTUARIO, ESTA FIGURA CAPTURA A ASUNA EN UN ESTILO \u00daNICO Y ENCANTADOR. SU DISE\u00d1O COMBINA ELEGANCIA Y DIVERSI\u00d3N, DESTACANDO POR SU CALIDAD DE ACABADOS Y POR SER UNA REPRESENTACI\u00d3N FRESCA DEL PERSONAJE, IDEAL PARA COLECCIONISTAS Y FANS DE LA SERIE.<\/p>\n<p>FICHA TECNICA:<br \/>\nALTURA 31CM<br \/>\nMARCA FURYU<br \/>\nLINEA BICUTE BUNNIES<br \/>\nNO ARTICULABLE<\/p>\n","protected":false},"excerpt":{"rendered":"<p>LA ASUNA B-STYLE BICUTE BUNNIES DE FURYU ES UNA FIGURA INSPIRADA EN EL PERSONAJE ASUNA YUUKI DE SWORD ART ONLINE, PRESENTADA EN UN ADORABLE TRAJE DE CONEJITA. CON DETALLES METICULOSOS EN SU EXPRESI\u00d3N Y VESTUARIO, ESTA FIGURA CAPTURA A ASUNA EN UN ESTILO \u00daNICO Y ENCANTADOR. SU DISE\u00d1O COMBINA ELEGANCIA Y DIVERSI\u00d3N<\/p>\n","protected":false},"featured_media":2805,"comment_status":"open","ping_status":"closed","template":"","meta":[],"product_brand":[],"product_cat":[27,89],"product_tag":[98,57],"class_list":{"0":"post-2802","1":"product","2":"type-product","3":"status-publish","4":"has-post-thumbnail","6":"product_cat-sword-art-online","7":"product_cat-novedades","8":"product_tag-bicute","9":"product_tag-furyu","11":"first","12":"outofstock","13":"shipping-taxable","14":"purchasable","15":"product-type-simple"},"_links":{"self":[{"href":"https:\/\/juanchitoys.com\/index.php\/wp-json\/wp\/v2\/product\/2802","targetHints":{"allow":["GET"]}}],"collection":[{"href":"https:\/\/juanchitoys.com\/index.php\/wp-json\/wp\/v2\/product"}],"about":[{"href":"https:\/\/juanchitoys.com\/index.php\/wp-json\/wp\/v2\/types\/product"}],"replies":[{"embeddable":true,"href":"https:\/\/juanchitoys.com\/index.php\/wp-json\/wp\/v2\/comments?post=2802"}],"wp:featuredmedia":[{"embeddable":true,"href":"https:\/\/juanchitoys.com\/index.php\/wp-json\/wp\/v2\/media\/2805"}],"wp:attachment":[{"href":"https:\/\/juanchitoys.com\/index.php\/wp-json\/wp\/v2\/media?parent=2802"}],"wp:term":[{"taxonomy":"product_brand","embeddable":true,"href":"https:\/\/juanchitoys.com\/index.php\/wp-json\/wp\/v2\/product_brand?post=2802"},{"taxonomy":"product_cat","embeddable":true,"href":"https:\/\/juanchitoys.com\/index.php\/wp-json\/wp\/v2\/product_cat?post=2802"},{"taxonomy":"product_tag","embeddable":true,"href":"https:\/\/juanchitoys.com\/index.php\/wp-json\/wp\/v2\/product_tag?post=2802"}],"curies":[{"name":"wp","href":"https:\/\/api.w.org\/{rel}","templated":true}]}}