{"id":2769,"date":"2024-11-07T08:01:38","date_gmt":"2024-11-07T13:01:38","guid":{"rendered":"https:\/\/juanchitoys.com\/?post_type=product&#038;p=2769"},"modified":"2026-01-06T14:54:44","modified_gmt":"2026-01-06T19:54:44","slug":"one-piece-trafalgar-law-senkozekkei-banpresto","status":"publish","type":"product","link":"https:\/\/juanchitoys.com\/index.php\/producto\/one-piece-trafalgar-law-senkozekkei-banpresto\/","title":{"rendered":"ONE PIECE TRAFALGAR LAW SENKOZEKKEI BANPRESTO"},"content":{"rendered":"<p>LA FIGURA TRAFALGAR LAW SENKOZEKKEI DE BANPRESTO ES UNA PIEZA IMPRESIONANTE INSPIRADA EN EL PERSONAJE DE ONE PIECE. ESTA FIGURA CAPTURA A LAW EN UNA POSTURA IC\u00d3NICA Y PODEROSA, DESTACANDO CON UN DISE\u00d1O DIN\u00c1MICO Y UN NIVEL DE DETALLE EXCEPCIONAL EN SUS TATUAJES, VESTIMENTA Y SU FAMOSA KATANA KIKOKU, UNA ESCENA MUY RECORDADA POR LOS FANS DE ONE PIECE CONTRA MARSHALL . FORMA PARTE DE LA L\u00cdNEA SENKOZEKKEI, CONOCIDA POR SU GRAN CALIDAD DE ESCULTURA Y ACABADO, IDEAL PARA COLECCIONISTAS QUE BUSCAN FIGURAS FIELES AL ANIME.<\/p>\n<p>FICHA TECNICA:<br \/>\nALTURA 8CM<br \/>\nMARCA BANPRESTO<br \/>\nLINEA SENKOZEKKEI<br \/>\nNO ARTICULABLE<\/p>\n","protected":false},"excerpt":{"rendered":"<p>LA FIGURA TRAFALGAR LAW SENKOZEKKEI DE BANPRESTO ES UNA PIEZA IMPRESIONANTE INSPIRADA EN EL PERSONAJE DE ONE PIECE. ESTA FIGURA CAPTURA A LAW EN UNA POSTURA IC\u00d3NICA Y PODEROSA, DESTACANDO CON UN DISE\u00d1O DIN\u00c1MICO Y UN NIVEL DE DETALLE EXCEPCIONAL EN SUS TATUAJES, VESTIMENTA Y SU FAMOSA KATANA KIKOKU, UNA ESCENA MUY RECORDADA POR LOS FANS DE ONE PIECE CONTRA MARSHALL .<\/p>\n","protected":false},"featured_media":2776,"comment_status":"open","ping_status":"closed","template":"","meta":[],"product_brand":[],"product_cat":[19,89],"product_tag":[35,52],"class_list":{"0":"post-2769","1":"product","2":"type-product","3":"status-publish","4":"has-post-thumbnail","6":"product_cat-one-piece","7":"product_cat-novedades","8":"product_tag-bandai","9":"product_tag-banpresto","11":"first","12":"outofstock","13":"shipping-taxable","14":"purchasable","15":"product-type-simple"},"_links":{"self":[{"href":"https:\/\/juanchitoys.com\/index.php\/wp-json\/wp\/v2\/product\/2769","targetHints":{"allow":["GET"]}}],"collection":[{"href":"https:\/\/juanchitoys.com\/index.php\/wp-json\/wp\/v2\/product"}],"about":[{"href":"https:\/\/juanchitoys.com\/index.php\/wp-json\/wp\/v2\/types\/product"}],"replies":[{"embeddable":true,"href":"https:\/\/juanchitoys.com\/index.php\/wp-json\/wp\/v2\/comments?post=2769"}],"wp:featuredmedia":[{"embeddable":true,"href":"https:\/\/juanchitoys.com\/index.php\/wp-json\/wp\/v2\/media\/2776"}],"wp:attachment":[{"href":"https:\/\/juanchitoys.com\/index.php\/wp-json\/wp\/v2\/media?parent=2769"}],"wp:term":[{"taxonomy":"product_brand","embeddable":true,"href":"https:\/\/juanchitoys.com\/index.php\/wp-json\/wp\/v2\/product_brand?post=2769"},{"taxonomy":"product_cat","embeddable":true,"href":"https:\/\/juanchitoys.com\/index.php\/wp-json\/wp\/v2\/product_cat?post=2769"},{"taxonomy":"product_tag","embeddable":true,"href":"https:\/\/juanchitoys.com\/index.php\/wp-json\/wp\/v2\/product_tag?post=2769"}],"curies":[{"name":"wp","href":"https:\/\/api.w.org\/{rel}","templated":true}]}}