{"id":2757,"date":"2024-11-06T16:41:44","date_gmt":"2024-11-06T21:41:44","guid":{"rendered":"https:\/\/juanchitoys.com\/?post_type=product&#038;p=2757"},"modified":"2026-01-06T14:54:52","modified_gmt":"2026-01-06T19:54:52","slug":"anya-forger-puchieete-figure-renewal-taito","status":"publish","type":"product","link":"https:\/\/juanchitoys.com\/index.php\/producto\/anya-forger-puchieete-figure-renewal-taito\/","title":{"rendered":"ANYA FORGER  PUCHIEETE FIGURE RENEWAL TAITO"},"content":{"rendered":"<p>LA ANYA FORGER PUCHIEETE FIGURE RENEWAL DE TAITO ES UNA ADORABLE FIGURA DE LA PEQUE\u00d1A ANYA, PROTAGONISTA DE SPY X FAMILY. CON UNA EXPRESI\u00d3N TRAVIESA Y SU CARACTER\u00cdSTICO PEINADO ROSA, ESTA FIGURA CAPTURA PERFECTAMENTE LA TERNURA Y PERSONALIDAD \u00daNICA DE LA NI\u00d1A. LA POSE, SIMPLE PERO ENCANTADORA, JUNTO A LOS DETALLES DE SU UNIFORME ESCOLAR, HACEN DE ESTA PIEZA UNA EXCELENTE ADICI\u00d3N PARA LOS FANS DE LA SERIE Y LOS COLECCIONISTAS DE FIGURAS DE ANIME. \u00a1UNA REPRESENTACI\u00d3N IRRESISTIBLE DE LA PEQUE\u00d1A ESP\u00cdA!<\/p>\n<p>FICHA TECNICA:<\/p>\n<p>ALTURA 14CM<br \/>\nMARCA TAITO<br \/>\nLINEA RENEWALL<br \/>\nNO ARTICULABLE<\/p>\n","protected":false},"excerpt":{"rendered":"<p>LA ANYA FORGER PUCHIEETE FIGURE RENEWAL DE TAITO ES UNA ADORABLE FIGURA DE LA PEQUE\u00d1A ANYA, PROTAGONISTA DE SPY X FAMILY. CON UNA EXPRESI\u00d3N TRAVIESA Y SU CARACTER\u00cdSTICO PEINADO ROSA, ESTA FIGURA CAPTURA PERFECTAMENTE LA TERNURA Y PERSONALIDAD \u00daNICA DE LA NI\u00d1A<\/p>\n","protected":false},"featured_media":1862,"comment_status":"open","ping_status":"closed","template":"","meta":[],"product_brand":[],"product_cat":[65,89],"product_tag":[43],"class_list":{"0":"post-2757","1":"product","2":"type-product","3":"status-publish","4":"has-post-thumbnail","6":"product_cat-spy-x-family","7":"product_cat-novedades","8":"product_tag-taito","10":"first","11":"outofstock","12":"shipping-taxable","13":"purchasable","14":"product-type-simple"},"_links":{"self":[{"href":"https:\/\/juanchitoys.com\/index.php\/wp-json\/wp\/v2\/product\/2757","targetHints":{"allow":["GET"]}}],"collection":[{"href":"https:\/\/juanchitoys.com\/index.php\/wp-json\/wp\/v2\/product"}],"about":[{"href":"https:\/\/juanchitoys.com\/index.php\/wp-json\/wp\/v2\/types\/product"}],"replies":[{"embeddable":true,"href":"https:\/\/juanchitoys.com\/index.php\/wp-json\/wp\/v2\/comments?post=2757"}],"wp:featuredmedia":[{"embeddable":true,"href":"https:\/\/juanchitoys.com\/index.php\/wp-json\/wp\/v2\/media\/1862"}],"wp:attachment":[{"href":"https:\/\/juanchitoys.com\/index.php\/wp-json\/wp\/v2\/media?parent=2757"}],"wp:term":[{"taxonomy":"product_brand","embeddable":true,"href":"https:\/\/juanchitoys.com\/index.php\/wp-json\/wp\/v2\/product_brand?post=2757"},{"taxonomy":"product_cat","embeddable":true,"href":"https:\/\/juanchitoys.com\/index.php\/wp-json\/wp\/v2\/product_cat?post=2757"},{"taxonomy":"product_tag","embeddable":true,"href":"https:\/\/juanchitoys.com\/index.php\/wp-json\/wp\/v2\/product_tag?post=2757"}],"curies":[{"name":"wp","href":"https:\/\/api.w.org\/{rel}","templated":true}]}}