{"id":2582,"date":"2024-11-05T14:34:31","date_gmt":"2024-11-05T19:34:31","guid":{"rendered":"https:\/\/juanchitoys.com\/?post_type=product&#038;p=2582"},"modified":"2025-01-24T12:00:56","modified_gmt":"2025-01-24T17:00:56","slug":"ram-bicute-bunnies-china-antique-ver","status":"publish","type":"product","link":"https:\/\/juanchitoys.com\/index.php\/producto\/ram-bicute-bunnies-china-antique-ver\/","title":{"rendered":"RAM BICUTE BUNNIES CHINA ANTIQUE VER."},"content":{"rendered":"<p>STARTING LIFE IN ANOTHER WORLD: RAM B-CUTE BUNNIES CHINA ANTIQUE VER.&#8221; REPRESENTA A RAM, UNO DE LOS PERSONAJES FAVORITOS DE LA SERIE, EN UN ENCANTADOR DISE\u00d1O DE CONEJITA. ESTA VERSI\u00d3N DESTACA POR SU EST\u00c9TICA VINTAGE, CON UN TRAJE QUE COMBINA DETALLES DE ESTILO CHINO Y ELEMENTOS DE LA CULTURA DE LOS CONEJITOS. LA FIGURA ES ELABORADA CON ATENCI\u00d3N AL DETALLE, CAPTURANDO LA ESENCIA DEL PERSONAJE CON UNA EXPRESI\u00d3N DULCE Y UN ACABADO QUE EVOCA UNA SENSACI\u00d3N DE NOSTALGIA. LOS FANATICOS DE LA SERIE.<\/p>\n<p>FICHA TECNICA:<\/p>\n<p>-ALTURA 35 CM<br \/>\n-MARCA FURYU<br \/>\n-LINEA BICUTE BUNNIE<br \/>\n-NO ARTICULABLE<\/p>\n","protected":false},"excerpt":{"rendered":"<p>STARTING LIFE IN ANOTHER WORLD: RAM B-CUTE BUNNIES CHINA ANTIQUE VER.&#8221; REPRESENTA A RAM, UNO DE LOS PERSONAJES FAVORITOS DE LA SERIE, EN UN ENCANTADOR DISE\u00d1O DE CONEJITA. ESTA VERSI\u00d3N DESTACA POR SU EST\u00c9TICA VINTAGE, CON UN TRAJE QUE COMBINA DETALLES DE ESTILO CHINO Y ELEMENTOS DE LA CULTURA DE LOS CONEJITOS.<\/p>\n","protected":false},"featured_media":2583,"comment_status":"open","ping_status":"closed","template":"","meta":[],"product_brand":[],"product_cat":[26,89],"product_tag":[98,57],"class_list":{"0":"post-2582","1":"product","2":"type-product","3":"status-publish","4":"has-post-thumbnail","6":"product_cat-re-zero","7":"product_cat-novedades","8":"product_tag-bicute","9":"product_tag-furyu","11":"first","12":"instock","13":"shipping-taxable","14":"purchasable","15":"product-type-simple"},"_links":{"self":[{"href":"https:\/\/juanchitoys.com\/index.php\/wp-json\/wp\/v2\/product\/2582","targetHints":{"allow":["GET"]}}],"collection":[{"href":"https:\/\/juanchitoys.com\/index.php\/wp-json\/wp\/v2\/product"}],"about":[{"href":"https:\/\/juanchitoys.com\/index.php\/wp-json\/wp\/v2\/types\/product"}],"replies":[{"embeddable":true,"href":"https:\/\/juanchitoys.com\/index.php\/wp-json\/wp\/v2\/comments?post=2582"}],"wp:featuredmedia":[{"embeddable":true,"href":"https:\/\/juanchitoys.com\/index.php\/wp-json\/wp\/v2\/media\/2583"}],"wp:attachment":[{"href":"https:\/\/juanchitoys.com\/index.php\/wp-json\/wp\/v2\/media?parent=2582"}],"wp:term":[{"taxonomy":"product_brand","embeddable":true,"href":"https:\/\/juanchitoys.com\/index.php\/wp-json\/wp\/v2\/product_brand?post=2582"},{"taxonomy":"product_cat","embeddable":true,"href":"https:\/\/juanchitoys.com\/index.php\/wp-json\/wp\/v2\/product_cat?post=2582"},{"taxonomy":"product_tag","embeddable":true,"href":"https:\/\/juanchitoys.com\/index.php\/wp-json\/wp\/v2\/product_tag?post=2582"}],"curies":[{"name":"wp","href":"https:\/\/api.w.org\/{rel}","templated":true}]}}