{"id":2572,"date":"2024-11-05T14:16:19","date_gmt":"2024-11-05T19:16:19","guid":{"rendered":"https:\/\/juanchitoys.com\/?post_type=product&#038;p=2572"},"modified":"2025-06-12T18:33:43","modified_gmt":"2025-06-12T23:33:43","slug":"ochako-uraraka-ichiban-kuji-c","status":"publish","type":"product","link":"https:\/\/juanchitoys.com\/index.php\/producto\/ochako-uraraka-ichiban-kuji-c\/","title":{"rendered":"OCHAKO URARAKA ICHIBAN KUJI C"},"content":{"rendered":"<p>LA FIGURA OCHAKO URARAKA ICHIBAN KUJI C ES UNA ENCANTADORA REPRESENTACI\u00d3N DE LA POPULAR HERO\u00cdNA DE &#8220;MY HERO ACADEMIA&#8221;. CAPTURA A OCHAKO EN UNA POSE DIN\u00c1MICA Y ALEGRE, REFLEJANDO SU PERSONALIDAD OPTIMISTA Y DECIDIDA. SU TRAJE DE H\u00c9ROE EST\u00c1 CUIDADOSAMENTE DETALLADO, MOSTRANDO LOS ELEMENTOS DE SU DISE\u00d1O CARACTER\u00cdSTICO. CON SU IC\u00d3NICO CABELLO CORTO Y UNA EXPRESI\u00d3N AMIGABLE, ESTA FIGURA RESALTA TANTO SU FUERZA COMO SU DULZURA. IDEAL PARA LOS FAN\u00c1TICOS Y COLECCIONISTAS, ESTA PIEZA CELEBRA LA ESENCIA DE OCHAKO COMO UNA JOVEN HERO\u00cdNA EN SU CAMINO HACIA CONVERTIRSE.<\/p>\n<p>FICHA TECNICA:<\/p>\n<p>-ALTURA 17 CM<br \/>\n-MARCA BANDAI<br \/>\n-LINEA ICHIBAN KUJI C<br \/>\n-NO ARTICULABLE<\/p>\n","protected":false},"excerpt":{"rendered":"<p>LA FIGURA OCHAKO URARAKA ICHIBAN KUJI C ES UNA ENCANTADORA REPRESENTACI\u00d3N DE LA POPULAR HERO\u00cdNA DE &#8220;MY HERO ACADEMIA&#8221;. CAPTURA A OCHAKO EN UNA POSE DIN\u00c1MICA Y ALEGRE, REFLEJANDO SU PERSONALIDAD OPTIMISTA Y DECIDIDA.<\/p>\n","protected":false},"featured_media":2574,"comment_status":"open","ping_status":"closed","template":"","meta":[],"product_brand":[],"product_cat":[21,89],"product_tag":[35,39],"class_list":{"0":"post-2572","1":"product","2":"type-product","3":"status-publish","4":"has-post-thumbnail","6":"product_cat-my-hero-academia","7":"product_cat-novedades","8":"product_tag-bandai","9":"product_tag-ichiban-kuji","11":"first","12":"outofstock","13":"shipping-taxable","14":"purchasable","15":"product-type-simple"},"_links":{"self":[{"href":"https:\/\/juanchitoys.com\/index.php\/wp-json\/wp\/v2\/product\/2572","targetHints":{"allow":["GET"]}}],"collection":[{"href":"https:\/\/juanchitoys.com\/index.php\/wp-json\/wp\/v2\/product"}],"about":[{"href":"https:\/\/juanchitoys.com\/index.php\/wp-json\/wp\/v2\/types\/product"}],"replies":[{"embeddable":true,"href":"https:\/\/juanchitoys.com\/index.php\/wp-json\/wp\/v2\/comments?post=2572"}],"wp:featuredmedia":[{"embeddable":true,"href":"https:\/\/juanchitoys.com\/index.php\/wp-json\/wp\/v2\/media\/2574"}],"wp:attachment":[{"href":"https:\/\/juanchitoys.com\/index.php\/wp-json\/wp\/v2\/media?parent=2572"}],"wp:term":[{"taxonomy":"product_brand","embeddable":true,"href":"https:\/\/juanchitoys.com\/index.php\/wp-json\/wp\/v2\/product_brand?post=2572"},{"taxonomy":"product_cat","embeddable":true,"href":"https:\/\/juanchitoys.com\/index.php\/wp-json\/wp\/v2\/product_cat?post=2572"},{"taxonomy":"product_tag","embeddable":true,"href":"https:\/\/juanchitoys.com\/index.php\/wp-json\/wp\/v2\/product_tag?post=2572"}],"curies":[{"name":"wp","href":"https:\/\/api.w.org\/{rel}","templated":true}]}}