{"id":2569,"date":"2024-11-05T14:08:41","date_gmt":"2024-11-05T19:08:41","guid":{"rendered":"https:\/\/juanchitoys.com\/?post_type=product&#038;p=2569"},"modified":"2025-11-19T09:26:08","modified_gmt":"2025-11-19T14:26:08","slug":"nezuko-demonio-ichiban-kuji-c","status":"publish","type":"product","link":"https:\/\/juanchitoys.com\/index.php\/producto\/nezuko-demonio-ichiban-kuji-c\/","title":{"rendered":"NEZUKO DEMONIO ICHIBAN KUJI C"},"content":{"rendered":"<p>LA FIGURA NEZUKO DEMONIO ICHIBAN KUJI C ES UNA IMPACTANTE REPRESENTACI\u00d3N DE NEZUKO KAMADO EN SU FORMA DE DEMONIO, DESTACANDO SU ESENCIA TANTO FEROZ COMO PROTECTORA. CAPTURA A NEZUKO EN UNA POSE DIN\u00c1MICA Y PODEROSA, CON SU CARACTER\u00cdSTICO CABELLO LARGO Y OSCURO, Y DETALLES DE SU TRANSFORMACI\u00d3N DEMON\u00cdACA, INCLUYENDO SUS COLMILLOS Y LA CINTA QUE LE ATA LA BOCA. LOS ACABADOS METICULOSOS Y LOS COLORES VIBRANTES REFLEJAN SU LUCHA INTERNA ENTRE SU HUMANIDAD Y SU NATURALEZA DEMON\u00cdACA. ESTA FIGURA ES IDEAL PARA LOS FAN\u00c1TICOS DE &#8220;DEMON SLAYER: KIMETSU NO YAIBA&#8221; QUE DESEAN RENDIR HOMENAJE A UNO DE LOS PERSONAJES M\u00c1S QUERIDOS DE LA SERIE.<\/p>\n<p>FICHA TECNICA:<\/p>\n<p>-ALTURA 16 CM<br \/>\n-MARCA BANDAI<br \/>\n-LINEA ICHIBAN KUJI C<br \/>\n-NO ARTICULABLE<\/p>\n","protected":false},"excerpt":{"rendered":"<p>LA FIGURA NEZUKO DEMONIO ICHIBAN KUJI C ES UNA IMPACTANTE REPRESENTACI\u00d3N DE NEZUKO KAMADO EN SU FORMA DE DEMONIO, DESTACANDO SU ESENCIA TANTO FEROZ COMO PROTECTORA. CAPTURA A NEZUKO EN UNA POSE DIN\u00c1MICA Y PODEROSA, CON SU CARACTER\u00cdSTICO CABELLO LARGO Y OSCURO, Y DETALLES DE SU TRANSFORMACI\u00d3N DEMON\u00cdACA<\/p>\n","protected":false},"featured_media":2570,"comment_status":"open","ping_status":"closed","template":"","meta":[],"product_brand":[],"product_cat":[20,89],"product_tag":[35,39],"class_list":{"0":"post-2569","1":"product","2":"type-product","3":"status-publish","4":"has-post-thumbnail","6":"product_cat-kimetsu-no-yaiba","7":"product_cat-novedades","8":"product_tag-bandai","9":"product_tag-ichiban-kuji","11":"first","12":"outofstock","13":"shipping-taxable","14":"purchasable","15":"product-type-simple"},"_links":{"self":[{"href":"https:\/\/juanchitoys.com\/index.php\/wp-json\/wp\/v2\/product\/2569","targetHints":{"allow":["GET"]}}],"collection":[{"href":"https:\/\/juanchitoys.com\/index.php\/wp-json\/wp\/v2\/product"}],"about":[{"href":"https:\/\/juanchitoys.com\/index.php\/wp-json\/wp\/v2\/types\/product"}],"replies":[{"embeddable":true,"href":"https:\/\/juanchitoys.com\/index.php\/wp-json\/wp\/v2\/comments?post=2569"}],"wp:featuredmedia":[{"embeddable":true,"href":"https:\/\/juanchitoys.com\/index.php\/wp-json\/wp\/v2\/media\/2570"}],"wp:attachment":[{"href":"https:\/\/juanchitoys.com\/index.php\/wp-json\/wp\/v2\/media?parent=2569"}],"wp:term":[{"taxonomy":"product_brand","embeddable":true,"href":"https:\/\/juanchitoys.com\/index.php\/wp-json\/wp\/v2\/product_brand?post=2569"},{"taxonomy":"product_cat","embeddable":true,"href":"https:\/\/juanchitoys.com\/index.php\/wp-json\/wp\/v2\/product_cat?post=2569"},{"taxonomy":"product_tag","embeddable":true,"href":"https:\/\/juanchitoys.com\/index.php\/wp-json\/wp\/v2\/product_tag?post=2569"}],"curies":[{"name":"wp","href":"https:\/\/api.w.org\/{rel}","templated":true}]}}