{"id":2464,"date":"2024-10-30T18:37:30","date_gmt":"2024-10-30T23:37:30","guid":{"rendered":"https:\/\/juanchitoys.com\/?post_type=product&#038;p=2464"},"modified":"2025-11-18T18:27:46","modified_gmt":"2025-11-18T23:27:46","slug":"blackwargreymon-model-kit-bandai","status":"publish","type":"product","link":"https:\/\/juanchitoys.com\/index.php\/producto\/blackwargreymon-model-kit-bandai\/","title":{"rendered":"BLACKWARGREYMON MODEL KIT BANDAI"},"content":{"rendered":"<p>\u00a1DE &#8220;DIGIMON ADVENTURE 02&#8221;, &#8220;BLACK WARGREYMON&#8221; EST\u00c1 TRIDIMENSIONAL DESDE FIGURE-RISE STANDARD! LA ARMADURA NEGRA UTILIZA UN COLOR DE MOLDURA MET\u00c1LICO PARA LOGRAR UNA COLORACI\u00d3N IMPRESIONANTE.<\/p>\n<p>SON POSIBLES VARIAS POSTURAS, COMO LEVANTAR AMBOS BRAZOS, ARQUEAR EL PECHO Y ABRIR BIEN LAS PIERNAS. UN AMPLIO RANGO DE MOVIMIENTO QUE PUEDE REPRODUCIR LA ACCI\u00d3N DE UTILIZAR LOS MOVIMIENTOS ESPECIALES &#8220;DARK GAIA FORCE&#8221; Y &#8220;DRAMON KILLER&#8221; EN LA OBRA. EL ESCUDO SE PUEDE MOVER INDEPENDIENTEMENTE A IZQUIERDA Y DERECHA Y SE PUEDE INCLINAR SEG\u00daN LA POSTURA.<\/p>\n<p>FICHA TECNICA:<br \/>\nLINEA: MODEL KIT<br \/>\nMARCA: BANDAI<br \/>\nFIGURA ARTICULADA<br \/>\nREQUIERE ENSAMBLE<\/p>\n","protected":false},"excerpt":{"rendered":"<p>\u00a1DE &#8220;DIGIMON ADVENTURE 02&#8221;, &#8220;BLACK WARGREYMON&#8221; EST\u00c1 TRIDIMENSIONAL DESDE FIGURE-RISE STANDARD! LA ARMADURA NEGRA UTILIZA UN COLOR DE MOLDURA MET\u00c1LICO PARA LOGRAR UNA COLORACI\u00d3N IMPRESIONANTE.<\/p>\n","protected":false},"featured_media":1594,"comment_status":"open","ping_status":"closed","template":"","meta":[],"product_brand":[],"product_cat":[63,89],"product_tag":[35,67],"class_list":{"0":"post-2464","1":"product","2":"type-product","3":"status-publish","4":"has-post-thumbnail","6":"product_cat-digimon","7":"product_cat-novedades","8":"product_tag-bandai","9":"product_tag-plastic-model","11":"first","12":"outofstock","13":"shipping-taxable","14":"purchasable","15":"product-type-simple"},"_links":{"self":[{"href":"https:\/\/juanchitoys.com\/index.php\/wp-json\/wp\/v2\/product\/2464","targetHints":{"allow":["GET"]}}],"collection":[{"href":"https:\/\/juanchitoys.com\/index.php\/wp-json\/wp\/v2\/product"}],"about":[{"href":"https:\/\/juanchitoys.com\/index.php\/wp-json\/wp\/v2\/types\/product"}],"replies":[{"embeddable":true,"href":"https:\/\/juanchitoys.com\/index.php\/wp-json\/wp\/v2\/comments?post=2464"}],"wp:featuredmedia":[{"embeddable":true,"href":"https:\/\/juanchitoys.com\/index.php\/wp-json\/wp\/v2\/media\/1594"}],"wp:attachment":[{"href":"https:\/\/juanchitoys.com\/index.php\/wp-json\/wp\/v2\/media?parent=2464"}],"wp:term":[{"taxonomy":"product_brand","embeddable":true,"href":"https:\/\/juanchitoys.com\/index.php\/wp-json\/wp\/v2\/product_brand?post=2464"},{"taxonomy":"product_cat","embeddable":true,"href":"https:\/\/juanchitoys.com\/index.php\/wp-json\/wp\/v2\/product_cat?post=2464"},{"taxonomy":"product_tag","embeddable":true,"href":"https:\/\/juanchitoys.com\/index.php\/wp-json\/wp\/v2\/product_tag?post=2464"}],"curies":[{"name":"wp","href":"https:\/\/api.w.org\/{rel}","templated":true}]}}