{"id":2454,"date":"2024-10-15T08:48:00","date_gmt":"2024-10-15T13:48:00","guid":{"rendered":"https:\/\/juanchitoys.com\/?post_type=product&#038;p=2454"},"modified":"2025-11-18T18:28:00","modified_gmt":"2025-11-18T23:28:00","slug":"nami-glitter-glamour-bandai","status":"publish","type":"product","link":"https:\/\/juanchitoys.com\/index.php\/producto\/nami-glitter-glamour-bandai\/","title":{"rendered":"NAMI GLITTER &#038; GLAMOUR BANDAI"},"content":{"rendered":"<p>LA FIGURA NAMI GLITTER &amp; GLAMOUR DE BANDAI ES UNA REPRESENTACI\u00d3N ESTILIZADA Y DETALLADA DEL POPULAR PERSONAJE DE ONE PIECE. PARTE DE LA L\u00cdNEA GLITTER &amp; GLAMOUR, ESTA FIGURA DESTACA POR SU ENFOQUE EN LA BELLEZA Y ELEGANCIA DE NAMI, CON DETALLES CUIDADOSOS EN SU VESTUARIO Y POSTURA DIN\u00c1MICA. EL ACABADO BRILLANTE Y LA ATENCI\u00d3N A LOS DETALLES EN SU CABELLO Y EXPRESI\u00d3N HACEN DE ESTA FIGURA UN ART\u00cdCULO INDISPENSABLE PARA LOS COLECCIONISTAS Y FAN\u00c1TICOS DE LA SERIE.<\/p>\n<p>FICHA TECNICA:<br \/>\n-ALTURA 23 CM<br \/>\n-LINEA GLITTER &amp; GLAMOUR<br \/>\n-MARCA BANDAI<br \/>\n-ORIGEN JAPON<\/p>\n","protected":false},"excerpt":{"rendered":"<p>LA FIGURA NAMI GLITTER &amp; GLAMOUR DE BANDAI ES UNA REPRESENTACI\u00d3N ESTILIZADA Y DETALLADA DEL POPULAR PERSONAJE DE ONE PIECE. PARTE DE LA L\u00cdNEA GLITTER &amp; GLAMOUR, ESTA FIGURA DESTACA POR SU ENFOQUE EN LA BELLEZA Y ELEGANCIA DE NAMI, CON DETALLES CUIDADOSOS EN SU VESTUARIO Y POSTURA DIN\u00c1MICA<\/p>\n","protected":false},"featured_media":2455,"comment_status":"open","ping_status":"closed","template":"","meta":[],"product_brand":[],"product_cat":[19,89],"product_tag":[35],"class_list":{"0":"post-2454","1":"product","2":"type-product","3":"status-publish","4":"has-post-thumbnail","6":"product_cat-one-piece","7":"product_cat-novedades","8":"product_tag-bandai","10":"first","11":"outofstock","12":"shipping-taxable","13":"purchasable","14":"product-type-simple"},"_links":{"self":[{"href":"https:\/\/juanchitoys.com\/index.php\/wp-json\/wp\/v2\/product\/2454","targetHints":{"allow":["GET"]}}],"collection":[{"href":"https:\/\/juanchitoys.com\/index.php\/wp-json\/wp\/v2\/product"}],"about":[{"href":"https:\/\/juanchitoys.com\/index.php\/wp-json\/wp\/v2\/types\/product"}],"replies":[{"embeddable":true,"href":"https:\/\/juanchitoys.com\/index.php\/wp-json\/wp\/v2\/comments?post=2454"}],"wp:featuredmedia":[{"embeddable":true,"href":"https:\/\/juanchitoys.com\/index.php\/wp-json\/wp\/v2\/media\/2455"}],"wp:attachment":[{"href":"https:\/\/juanchitoys.com\/index.php\/wp-json\/wp\/v2\/media?parent=2454"}],"wp:term":[{"taxonomy":"product_brand","embeddable":true,"href":"https:\/\/juanchitoys.com\/index.php\/wp-json\/wp\/v2\/product_brand?post=2454"},{"taxonomy":"product_cat","embeddable":true,"href":"https:\/\/juanchitoys.com\/index.php\/wp-json\/wp\/v2\/product_cat?post=2454"},{"taxonomy":"product_tag","embeddable":true,"href":"https:\/\/juanchitoys.com\/index.php\/wp-json\/wp\/v2\/product_tag?post=2454"}],"curies":[{"name":"wp","href":"https:\/\/api.w.org\/{rel}","templated":true}]}}