{"id":2450,"date":"2024-10-15T08:33:30","date_gmt":"2024-10-15T13:33:30","guid":{"rendered":"https:\/\/juanchitoys.com\/?post_type=product&#038;p=2450"},"modified":"2025-01-23T19:09:36","modified_gmt":"2025-01-24T00:09:36","slug":"uma-musume-pretty-derby-season-3-ichiban-kuji-last-one","status":"publish","type":"product","link":"https:\/\/juanchitoys.com\/index.php\/producto\/uma-musume-pretty-derby-season-3-ichiban-kuji-last-one\/","title":{"rendered":"UMA MUSUME PRETTY DERBY SEASON 3 ICHIBAN KUJI LAST ONE"},"content":{"rendered":"<p>LA FIGURA UMA MUSUME PRETTY DERBY SEASON 3 ICHIBAN KUJI LAST ONE ES UNA EXCLUSIVA DE LA POPULAR FRANQUICIA DE ANIME UMA MUSUME PRETTY DERBY. ESTA FIGURA, CORRESPONDIENTE A LA TERCERA TEMPORADA, REPRESENTA A UNA DE LAS CHICAS CABALLO EN UNA POSE ELEGANTE Y DETALLADA, CAPTURANDO SU ENERG\u00cdA Y ESP\u00cdRITU COMPETITIVO. LA EDICI\u00d3N LAST ONE ES ESPECIALMENTE CODICIADA, YA QUE SUELE TENER DETALLES ADICIONALES O UN ACABADO ESPECIAL, LO QUE LA CONVIERTE EN UNA PIEZA DE COLECCI\u00d3N IMPRESCINDIBLE PARA LOS FAN\u00c1TICOS DEL ANIME Y LAS FIGURAS DE ALTA CALIDAD<\/p>\n<p>FICHA TECNICA:<br \/>\n-ALTURA 20 CM<br \/>\n-LINEA ICHIBAN KUJI<br \/>\n-MARCA BANDAI<br \/>\n-ORIGEN JAPON<\/p>\n","protected":false},"excerpt":{"rendered":"<p>LA FIGURA UMA MUSUME PRETTY DERBY SEASON 3 ICHIBAN KUJI LAST ONE ES UNA EXCLUSIVA DE LA POPULAR FRANQUICIA DE ANIME UMA MUSUME PRETTY DERBY. ESTA FIGURA, CORRESPONDIENTE A LA TERCERA TEMPORADA, REPRESENTA A UNA DE LAS CHICAS CABALLO EN UNA POSE ELEGANTE Y DETALLADA, CAPTURANDO SU ENERG\u00cdA Y ESP\u00cdRITU COMPETITIVO.<\/p>\n","protected":false},"featured_media":2451,"comment_status":"open","ping_status":"closed","template":"","meta":[],"product_brand":[],"product_cat":[33,89],"product_tag":[35,39],"class_list":{"0":"post-2450","1":"product","2":"type-product","3":"status-publish","4":"has-post-thumbnail","6":"product_cat-variados","7":"product_cat-novedades","8":"product_tag-bandai","9":"product_tag-ichiban-kuji","11":"first","12":"instock","13":"shipping-taxable","14":"purchasable","15":"product-type-simple"},"_links":{"self":[{"href":"https:\/\/juanchitoys.com\/index.php\/wp-json\/wp\/v2\/product\/2450","targetHints":{"allow":["GET"]}}],"collection":[{"href":"https:\/\/juanchitoys.com\/index.php\/wp-json\/wp\/v2\/product"}],"about":[{"href":"https:\/\/juanchitoys.com\/index.php\/wp-json\/wp\/v2\/types\/product"}],"replies":[{"embeddable":true,"href":"https:\/\/juanchitoys.com\/index.php\/wp-json\/wp\/v2\/comments?post=2450"}],"wp:featuredmedia":[{"embeddable":true,"href":"https:\/\/juanchitoys.com\/index.php\/wp-json\/wp\/v2\/media\/2451"}],"wp:attachment":[{"href":"https:\/\/juanchitoys.com\/index.php\/wp-json\/wp\/v2\/media?parent=2450"}],"wp:term":[{"taxonomy":"product_brand","embeddable":true,"href":"https:\/\/juanchitoys.com\/index.php\/wp-json\/wp\/v2\/product_brand?post=2450"},{"taxonomy":"product_cat","embeddable":true,"href":"https:\/\/juanchitoys.com\/index.php\/wp-json\/wp\/v2\/product_cat?post=2450"},{"taxonomy":"product_tag","embeddable":true,"href":"https:\/\/juanchitoys.com\/index.php\/wp-json\/wp\/v2\/product_tag?post=2450"}],"curies":[{"name":"wp","href":"https:\/\/api.w.org\/{rel}","templated":true}]}}