{"id":2306,"date":"2024-10-08T20:08:26","date_gmt":"2024-10-09T01:08:26","guid":{"rendered":"https:\/\/juanchitoys.com\/?post_type=product&#038;p=2306"},"modified":"2026-01-06T14:56:01","modified_gmt":"2026-01-06T19:56:01","slug":"trafalgar-law-king-of-artist","status":"publish","type":"product","link":"https:\/\/juanchitoys.com\/index.php\/producto\/trafalgar-law-king-of-artist\/","title":{"rendered":"TRAFALGAR LAW KING OF ARTIST"},"content":{"rendered":"<p>LA FIGURA TRAFALGAR LAW KING OF ARTIST MUESTRA AL POPULAR PIRATA DE ONE PIECE EN UNA POSE DIN\u00c1MICA Y ESTILIZADA, CAPTURANDO SU ESENCIA COMO M\u00c9DICO Y GUERRERO. CON DETALLES EXCEPCIONALES EN SU VESTIMENTA Y ACCESORIOS, ESTA FIGURA RESALTA LA PERSONALIDAD CARISM\u00c1TICA DE LAW. IDEAL PARA COLECCIONISTAS Y FAN\u00c1TICOS, DESTACA POR SU ALTA CALIDAD Y EL IMPACTO VISUAL QUE APORTA A CUALQUIER COLECCI\u00d3N.<\/p>\n<p>FICHA TECNICA:<br \/>\n&#8211; ALTURA 23 CM<br \/>\n&#8211; MARCA BANDAI<br \/>\n&#8211; LINEA KING OF ARTIST<br \/>\n&#8211; NO ARTICULABLE<br \/>\n&#8211; ORIGEN JAPON<\/p>\n","protected":false},"excerpt":{"rendered":"<p>LA FIGURA TRAFALGAR LAW KING OF ARTIST MUESTRA AL POPULAR PIRATA DE ONE PIECE EN UNA POSE DIN\u00c1MICA Y ESTILIZADA, CAPTURANDO SU ESENCIA COMO M\u00c9DICO Y GUERRERO. CON DETALLES EXCEPCIONALES EN SU VESTIMENTA Y ACCESORIOS, ESTA FIGURA RESALTA LA PERSONALIDAD CARISM\u00c1TICA DE LAW<\/p>\n","protected":false},"featured_media":2309,"comment_status":"open","ping_status":"closed","template":"","meta":[],"product_brand":[],"product_cat":[19,89],"product_tag":[35,95],"class_list":{"0":"post-2306","1":"product","2":"type-product","3":"status-publish","4":"has-post-thumbnail","6":"product_cat-one-piece","7":"product_cat-novedades","8":"product_tag-bandai","9":"product_tag-king-of-artist","11":"first","12":"outofstock","13":"shipping-taxable","14":"purchasable","15":"product-type-simple"},"_links":{"self":[{"href":"https:\/\/juanchitoys.com\/index.php\/wp-json\/wp\/v2\/product\/2306","targetHints":{"allow":["GET"]}}],"collection":[{"href":"https:\/\/juanchitoys.com\/index.php\/wp-json\/wp\/v2\/product"}],"about":[{"href":"https:\/\/juanchitoys.com\/index.php\/wp-json\/wp\/v2\/types\/product"}],"replies":[{"embeddable":true,"href":"https:\/\/juanchitoys.com\/index.php\/wp-json\/wp\/v2\/comments?post=2306"}],"wp:featuredmedia":[{"embeddable":true,"href":"https:\/\/juanchitoys.com\/index.php\/wp-json\/wp\/v2\/media\/2309"}],"wp:attachment":[{"href":"https:\/\/juanchitoys.com\/index.php\/wp-json\/wp\/v2\/media?parent=2306"}],"wp:term":[{"taxonomy":"product_brand","embeddable":true,"href":"https:\/\/juanchitoys.com\/index.php\/wp-json\/wp\/v2\/product_brand?post=2306"},{"taxonomy":"product_cat","embeddable":true,"href":"https:\/\/juanchitoys.com\/index.php\/wp-json\/wp\/v2\/product_cat?post=2306"},{"taxonomy":"product_tag","embeddable":true,"href":"https:\/\/juanchitoys.com\/index.php\/wp-json\/wp\/v2\/product_tag?post=2306"}],"curies":[{"name":"wp","href":"https:\/\/api.w.org\/{rel}","templated":true}]}}