{"id":2227,"date":"2024-10-05T16:39:35","date_gmt":"2024-10-05T21:39:35","guid":{"rendered":"https:\/\/juanchitoys.com\/?post_type=product&#038;p=2227"},"modified":"2026-01-06T14:56:23","modified_gmt":"2026-01-06T19:56:23","slug":"yamato-king-of-artist-box","status":"publish","type":"product","link":"https:\/\/juanchitoys.com\/index.php\/producto\/yamato-king-of-artist-box\/","title":{"rendered":"YAMATO KING OF ARTIST BOX"},"content":{"rendered":"<p>LA FIGURA YAMATO KING OF ARTIST BOX REPRESENTA AL FORMIDABLE PERSONAJE DE ONE PIECE CON GRAN NIVEL DE DETALLE. YAMATO APARECE EN UNA POSE IMPONENTE, DESTACANDO SU ARMADURA Y SU CARACTER\u00cdSTICA MAZA. LOS DETALLES DE SU VESTIMENTA, CABELLO Y EXPRESI\u00d3N DECIDIDA CAPTURAN SU FUERZA Y ESP\u00cdRITU GUERRERO, HACIENDO DE ESTA FIGURA UNA PIEZA IMPRESCINDIBLE PARA LOS COLECCIONISTAS.<\/p>\n<p>FICHA TECNICA:<br \/>\n&#8211; ALTURA 22 CM<br \/>\n&#8211; FIGURA NO ARTICULABLE<br \/>\n-FABRICADO EN PVC<br \/>\n&#8211; ORIGEN JAPON<\/p>\n","protected":false},"excerpt":{"rendered":"<p>LA FIGURA YAMATO KING OF ARTIST BOX REPRESENTA AL FORMIDABLE PERSONAJE DE ONE PIECE CON GRAN NIVEL DE DETALLE. YAMATO APARECE EN UNA POSE IMPONENTE, DESTACANDO SU ARMADURA Y SU CARACTER\u00cdSTICA MAZA.<\/p>\n","protected":false},"featured_media":2228,"comment_status":"open","ping_status":"closed","template":"","meta":[],"product_brand":[],"product_cat":[19,89,69],"product_tag":[35],"class_list":{"0":"post-2227","1":"product","2":"type-product","3":"status-publish","4":"has-post-thumbnail","6":"product_cat-one-piece","7":"product_cat-novedades","8":"product_cat-proximos-en-llegar","9":"product_tag-bandai","11":"first","12":"outofstock","13":"shipping-taxable","14":"purchasable","15":"product-type-simple"},"_links":{"self":[{"href":"https:\/\/juanchitoys.com\/index.php\/wp-json\/wp\/v2\/product\/2227","targetHints":{"allow":["GET"]}}],"collection":[{"href":"https:\/\/juanchitoys.com\/index.php\/wp-json\/wp\/v2\/product"}],"about":[{"href":"https:\/\/juanchitoys.com\/index.php\/wp-json\/wp\/v2\/types\/product"}],"replies":[{"embeddable":true,"href":"https:\/\/juanchitoys.com\/index.php\/wp-json\/wp\/v2\/comments?post=2227"}],"wp:featuredmedia":[{"embeddable":true,"href":"https:\/\/juanchitoys.com\/index.php\/wp-json\/wp\/v2\/media\/2228"}],"wp:attachment":[{"href":"https:\/\/juanchitoys.com\/index.php\/wp-json\/wp\/v2\/media?parent=2227"}],"wp:term":[{"taxonomy":"product_brand","embeddable":true,"href":"https:\/\/juanchitoys.com\/index.php\/wp-json\/wp\/v2\/product_brand?post=2227"},{"taxonomy":"product_cat","embeddable":true,"href":"https:\/\/juanchitoys.com\/index.php\/wp-json\/wp\/v2\/product_cat?post=2227"},{"taxonomy":"product_tag","embeddable":true,"href":"https:\/\/juanchitoys.com\/index.php\/wp-json\/wp\/v2\/product_tag?post=2227"}],"curies":[{"name":"wp","href":"https:\/\/api.w.org\/{rel}","templated":true}]}}