{"id":2168,"date":"2024-10-04T19:42:34","date_gmt":"2024-10-05T00:42:34","guid":{"rendered":"https:\/\/juanchitoys.com\/?post_type=product&#038;p=2168"},"modified":"2025-06-23T09:09:45","modified_gmt":"2025-06-23T14:09:45","slug":"androide-18-gx-materia","status":"publish","type":"product","link":"https:\/\/juanchitoys.com\/index.php\/producto\/androide-18-gx-materia\/","title":{"rendered":"ANDROIDE 18 GX MATERIA"},"content":{"rendered":"<p>DEL ANIME DRAGON BALL Z, BANPRESTO PRESENTA UNA FIGURA DE ANDROID 18 COMO NUEVA INCORPORACI\u00d3N A SU SERIE GXMATERIA! INCRE\u00cdBLEMENTE DETALLADA, ESTA FIGURA SE MANTIENE FIEL A LA IMAGEN DEL PERSONAJE<\/p>\n","protected":false},"excerpt":{"rendered":"<p>DEL ANIME DRAGON BALL Z, BANPRESTO PRESENTA UNA FIGURA DE ANDROID 18 COMO NUEVA INCORPORACI\u00d3N A SU SERIE GXMATERIA! INCRE\u00cdBLEMENTE DETALLADA, ESTA FIGURA SE MANTIENE FIEL A LA IMAGEN DEL PERSONAJE<\/p>\n<p>ANDROIDE 18 ES LA HERMANA GEMELA DE ANDROIDE 17 Y LA DECIMOCTAVA CREACI\u00d3N ANDROIDE DEL DR. GERO, DISE\u00d1ADA PARA SERVIR EN LA VENDETTA DE GERO CONTRA GOKU. AL IGUAL QUE SU HERMANO, ANDROIDE 18 SUELE MOSTRAR UN CAR\u00c1CTER TRANQUILO Y CONFIADO, ESPECIALMENTE EN LA BATALLA, AUNQUE SU HUMOR SARC\u00c1STICO ES EL RASGO M\u00c1S LLAMATIVO DE SU PERSONALIDAD.<\/p>\n<p>FICHA TECNICA:<br \/>\n-ALTURA 13 CM<br \/>\n-NO ARTICULABLE<br \/>\n-ORIGEN JAPON<\/p>\n","protected":false},"featured_media":2170,"comment_status":"open","ping_status":"closed","template":"","meta":[],"product_brand":[],"product_cat":[18,89],"product_tag":[36],"class_list":{"0":"post-2168","1":"product","2":"type-product","3":"status-publish","4":"has-post-thumbnail","6":"product_cat-dragon-ball","7":"product_cat-novedades","8":"product_tag-gx-materia","10":"first","11":"instock","12":"sale","13":"shipping-taxable","14":"purchasable","15":"product-type-simple"},"_links":{"self":[{"href":"https:\/\/juanchitoys.com\/index.php\/wp-json\/wp\/v2\/product\/2168","targetHints":{"allow":["GET"]}}],"collection":[{"href":"https:\/\/juanchitoys.com\/index.php\/wp-json\/wp\/v2\/product"}],"about":[{"href":"https:\/\/juanchitoys.com\/index.php\/wp-json\/wp\/v2\/types\/product"}],"replies":[{"embeddable":true,"href":"https:\/\/juanchitoys.com\/index.php\/wp-json\/wp\/v2\/comments?post=2168"}],"wp:featuredmedia":[{"embeddable":true,"href":"https:\/\/juanchitoys.com\/index.php\/wp-json\/wp\/v2\/media\/2170"}],"wp:attachment":[{"href":"https:\/\/juanchitoys.com\/index.php\/wp-json\/wp\/v2\/media?parent=2168"}],"wp:term":[{"taxonomy":"product_brand","embeddable":true,"href":"https:\/\/juanchitoys.com\/index.php\/wp-json\/wp\/v2\/product_brand?post=2168"},{"taxonomy":"product_cat","embeddable":true,"href":"https:\/\/juanchitoys.com\/index.php\/wp-json\/wp\/v2\/product_cat?post=2168"},{"taxonomy":"product_tag","embeddable":true,"href":"https:\/\/juanchitoys.com\/index.php\/wp-json\/wp\/v2\/product_tag?post=2168"}],"curies":[{"name":"wp","href":"https:\/\/api.w.org\/{rel}","templated":true}]}}