{"id":1899,"date":"2024-06-19T19:45:28","date_gmt":"2024-06-20T00:45:28","guid":{"rendered":"https:\/\/juanchitoys.com\/?post_type=product&#038;p=1899"},"modified":"2025-11-19T13:25:39","modified_gmt":"2025-11-19T18:25:39","slug":"yu-gi-oh-yugi-muto-q-posket","status":"publish","type":"product","link":"https:\/\/juanchitoys.com\/index.php\/producto\/yu-gi-oh-yugi-muto-q-posket\/","title":{"rendered":"YU GI OH! YUGI MUTO Q POSKET"},"content":{"rendered":"<p>LA FIGURA &#8220;YU-GI-OH! YUGI MUTO Q POSKET&#8221; REPRESENTA A YUGI MUTO, EL PROTAGONISTA DEL ANIME Y MANGA &#8220;YU-GI-OH!&#8221;. ESTE ART\u00cdCULO EST\u00c1 DISE\u00d1ADO EN EL ESTILO Q POSKET, CONOCIDO POR SUS REPRESENTACIONES ADORABLES Y DETALLADAS DE PERSONAJES POPULARES. LA FIGURA CAPTURA A YUGI MUTO EN UNA POSE IC\u00d3NICA Y FIEL AL ESTILO DEL ANIME, CON DETALLES PRECISOS EN SU VESTIMENTA Y EXPRESI\u00d3N FACIAL. ES UNA EXCELENTE ADICI\u00d3N PARA LOS COLECCIONISTAS Y FAN\u00c1TICOS DE &#8220;YU-GI-OH!&#8221; QUE DESEAN TENER UNA REPRESENTACI\u00d3N ENCANTADORA Y AUT\u00c9NTICA DE ESTE QUERIDO PERSONAJE EN SU COLECCI\u00d3N DE FIGURAS.<\/p>\n<p>FICHA TECNICA<br \/>\nTAMA\u00d1O 15 CM<br \/>\nLINEA Q POSKET<br \/>\nORIGEN JAPON<\/p>\n","protected":false},"excerpt":{"rendered":"<p>LA FIGURA &#8220;YU-GI-OH! YUGI MUTO Q POSKET&#8221; REPRESENTA A YUGI MUTO, EL PROTAGONISTA DEL ANIME Y MANGA &#8220;YU-GI-OH!&#8221;. ESTE ART\u00cdCULO EST\u00c1 DISE\u00d1ADO EN EL ESTILO Q POSKET<\/p>\n","protected":false},"featured_media":1902,"comment_status":"open","ping_status":"closed","template":"","meta":[],"product_brand":[],"product_cat":[89,79],"product_tag":[],"class_list":{"0":"post-1899","1":"product","2":"type-product","3":"status-publish","4":"has-post-thumbnail","6":"product_cat-novedades","7":"product_cat-yu-gi-oh","9":"first","10":"outofstock","11":"shipping-taxable","12":"purchasable","13":"product-type-simple"},"_links":{"self":[{"href":"https:\/\/juanchitoys.com\/index.php\/wp-json\/wp\/v2\/product\/1899","targetHints":{"allow":["GET"]}}],"collection":[{"href":"https:\/\/juanchitoys.com\/index.php\/wp-json\/wp\/v2\/product"}],"about":[{"href":"https:\/\/juanchitoys.com\/index.php\/wp-json\/wp\/v2\/types\/product"}],"replies":[{"embeddable":true,"href":"https:\/\/juanchitoys.com\/index.php\/wp-json\/wp\/v2\/comments?post=1899"}],"wp:featuredmedia":[{"embeddable":true,"href":"https:\/\/juanchitoys.com\/index.php\/wp-json\/wp\/v2\/media\/1902"}],"wp:attachment":[{"href":"https:\/\/juanchitoys.com\/index.php\/wp-json\/wp\/v2\/media?parent=1899"}],"wp:term":[{"taxonomy":"product_brand","embeddable":true,"href":"https:\/\/juanchitoys.com\/index.php\/wp-json\/wp\/v2\/product_brand?post=1899"},{"taxonomy":"product_cat","embeddable":true,"href":"https:\/\/juanchitoys.com\/index.php\/wp-json\/wp\/v2\/product_cat?post=1899"},{"taxonomy":"product_tag","embeddable":true,"href":"https:\/\/juanchitoys.com\/index.php\/wp-json\/wp\/v2\/product_tag?post=1899"}],"curies":[{"name":"wp","href":"https:\/\/api.w.org\/{rel}","templated":true}]}}