{"id":1832,"date":"2024-06-19T18:50:52","date_gmt":"2024-06-19T23:50:52","guid":{"rendered":"https:\/\/juanchitoys.com\/?post_type=product&#038;p=1832"},"modified":"2025-01-23T19:04:26","modified_gmt":"2025-01-24T00:04:26","slug":"re-zero-rem-celestial-maid-bandai","status":"publish","type":"product","link":"https:\/\/juanchitoys.com\/index.php\/producto\/re-zero-rem-celestial-maid-bandai\/","title":{"rendered":"RE ZERO REM CELESTIAL MAID BANDAI"},"content":{"rendered":"<p>LA FIGURA &#8220;REM CELESTIAL MAID&#8221; DE BANDAI REPRESENTA A REM, UN PERSONAJE DE &#8220;RE-ZERO STARTING LIFE IN ANOTHER WORLD&#8221;, EN SU VERSI\u00d3N CELESTIAL. REM EST\u00c1 MODELADA CON DETALLE, CAPTURANDO SU ELEGANCIA Y GRACIA COMO SIRVIENTA EN BIKINI. ES UNA PIEZA IDEAL PARA LOS FAN\u00c1TICOS DE LA SERIE QUE APRECIAN FIGURAS DETALLADAS Y BIEN DISE\u00d1ADAS DE SUS PERSONAJES FAVORITOS.<\/p>\n<p>FICHA TECNICA<br \/>\nTAMA\u00d1O 13 CM<br \/>\nMARCA BANDAI<br \/>\nORIGEN JAPON<\/p>\n","protected":false},"excerpt":{"rendered":"<p>LA FIGURA &#8220;REM CELESTIAL MAID&#8221; DE BANDAI REPRESENTA A REM, UN PERSONAJE DE &#8220;RE-ZERO STARTING LIFE IN ANOTHER WORLD&#8221;, EN SU VERSI\u00d3N CELESTIAL. REM EST\u00c1 MODELADA CON DETALLE, CAPTURANDO SU ELEGANCIA Y GRACIA COMO SIRVIENTA EN BIKINI.<\/p>\n","protected":false},"featured_media":1833,"comment_status":"open","ping_status":"closed","template":"","meta":[],"product_brand":[],"product_cat":[89,26],"product_tag":[35],"class_list":{"0":"post-1832","1":"product","2":"type-product","3":"status-publish","4":"has-post-thumbnail","6":"product_cat-novedades","7":"product_cat-re-zero","8":"product_tag-bandai","10":"first","11":"instock","12":"shipping-taxable","13":"purchasable","14":"product-type-simple"},"_links":{"self":[{"href":"https:\/\/juanchitoys.com\/index.php\/wp-json\/wp\/v2\/product\/1832","targetHints":{"allow":["GET"]}}],"collection":[{"href":"https:\/\/juanchitoys.com\/index.php\/wp-json\/wp\/v2\/product"}],"about":[{"href":"https:\/\/juanchitoys.com\/index.php\/wp-json\/wp\/v2\/types\/product"}],"replies":[{"embeddable":true,"href":"https:\/\/juanchitoys.com\/index.php\/wp-json\/wp\/v2\/comments?post=1832"}],"wp:featuredmedia":[{"embeddable":true,"href":"https:\/\/juanchitoys.com\/index.php\/wp-json\/wp\/v2\/media\/1833"}],"wp:attachment":[{"href":"https:\/\/juanchitoys.com\/index.php\/wp-json\/wp\/v2\/media?parent=1832"}],"wp:term":[{"taxonomy":"product_brand","embeddable":true,"href":"https:\/\/juanchitoys.com\/index.php\/wp-json\/wp\/v2\/product_brand?post=1832"},{"taxonomy":"product_cat","embeddable":true,"href":"https:\/\/juanchitoys.com\/index.php\/wp-json\/wp\/v2\/product_cat?post=1832"},{"taxonomy":"product_tag","embeddable":true,"href":"https:\/\/juanchitoys.com\/index.php\/wp-json\/wp\/v2\/product_tag?post=1832"}],"curies":[{"name":"wp","href":"https:\/\/api.w.org\/{rel}","templated":true}]}}