{"id":1685,"date":"2024-06-19T13:26:45","date_gmt":"2024-06-19T18:26:45","guid":{"rendered":"https:\/\/juanchitoys.com\/?post_type=product&#038;p=1685"},"modified":"2025-11-19T13:22:29","modified_gmt":"2025-11-19T18:22:29","slug":"las-quintillizas-nino-nakano-movingood","status":"publish","type":"product","link":"https:\/\/juanchitoys.com\/index.php\/producto\/las-quintillizas-nino-nakano-movingood\/","title":{"rendered":"NINO NAKANO MOVINGOOD"},"content":{"rendered":"<p>SEGA FIGURES MOVINGOOD: THE QUINTESSENTIAL QUINTUPLETS &#8211; NINO NAKANO<\/p>\n<p>\u00a1DESDE \u00abTHE QUINTESSENTIAL QUINTUPLETS\u00bb LLEGA UNA NUEVA FIGURA COMO PARTE DE LA L\u00cdNEA DE FIGURAS MOVINGOOD DE SEGA, DEDICADA A UNO DE LOS PERSONAJES PRINCIPALES DE LA SERIE, NINO NAKANO!<\/p>\n<p>LA FIGURA HA SIDO FABRICADA CON LA M\u00c1S ALTA CALIDAD Y DISE\u00d1ADA MINUCIOSAMENTE PARA PARECERSE AL PERSONAJE ORIGINAL Y NO DEJAR PASAR EL M\u00c1S M\u00cdNIMO DETALLE.<\/p>\n<p>\u00a1NO OLVIDES AGREGARLA HOY A TU COLECCI\u00d3N!<\/p>\n<p>FICHA TECNICA<br \/>\nTAMA\u00d1O 14 CM<br \/>\nLINEA MOVINGOOD<br \/>\nFIGURA ARTICULADA<br \/>\nMARCA SEGA<br \/>\nORIGEN JAPON<\/p>\n","protected":false},"excerpt":{"rendered":"<p>\u00a1DESDE \u00abTHE QUINTESSENTIAL QUINTUPLETS\u00bb LLEGA UNA NUEVA FIGURA COMO PARTE DE LA L\u00cdNEA DE FIGURAS MOVINGOOD DE SEGA, DEDICADA A UNO DE LOS PERSONAJES PRINCIPALES DE LA SERIE, NINO NAKANO!<\/p>\n","protected":false},"featured_media":1686,"comment_status":"open","ping_status":"closed","template":"","meta":[],"product_brand":[],"product_cat":[89,66],"product_tag":[45],"class_list":{"0":"post-1685","1":"product","2":"type-product","3":"status-publish","4":"has-post-thumbnail","6":"product_cat-novedades","7":"product_cat-quintillizas","8":"product_tag-sega","10":"first","11":"outofstock","12":"shipping-taxable","13":"purchasable","14":"product-type-simple"},"_links":{"self":[{"href":"https:\/\/juanchitoys.com\/index.php\/wp-json\/wp\/v2\/product\/1685","targetHints":{"allow":["GET"]}}],"collection":[{"href":"https:\/\/juanchitoys.com\/index.php\/wp-json\/wp\/v2\/product"}],"about":[{"href":"https:\/\/juanchitoys.com\/index.php\/wp-json\/wp\/v2\/types\/product"}],"replies":[{"embeddable":true,"href":"https:\/\/juanchitoys.com\/index.php\/wp-json\/wp\/v2\/comments?post=1685"}],"wp:featuredmedia":[{"embeddable":true,"href":"https:\/\/juanchitoys.com\/index.php\/wp-json\/wp\/v2\/media\/1686"}],"wp:attachment":[{"href":"https:\/\/juanchitoys.com\/index.php\/wp-json\/wp\/v2\/media?parent=1685"}],"wp:term":[{"taxonomy":"product_brand","embeddable":true,"href":"https:\/\/juanchitoys.com\/index.php\/wp-json\/wp\/v2\/product_brand?post=1685"},{"taxonomy":"product_cat","embeddable":true,"href":"https:\/\/juanchitoys.com\/index.php\/wp-json\/wp\/v2\/product_cat?post=1685"},{"taxonomy":"product_tag","embeddable":true,"href":"https:\/\/juanchitoys.com\/index.php\/wp-json\/wp\/v2\/product_tag?post=1685"}],"curies":[{"name":"wp","href":"https:\/\/api.w.org\/{rel}","templated":true}]}}