{"id":1558,"date":"2024-06-18T15:06:54","date_gmt":"2024-06-18T20:06:54","guid":{"rendered":"https:\/\/juanchitoys.com\/?post_type=product&#038;p=1558"},"modified":"2025-01-23T19:21:01","modified_gmt":"2025-01-24T00:21:01","slug":"initial-d-ae86-trueno-early-type-gt-apex-takumi-86-retract-double-spec","status":"publish","type":"product","link":"https:\/\/juanchitoys.com\/index.php\/producto\/initial-d-ae86-trueno-early-type-gt-apex-takumi-86-retract-double-spec\/","title":{"rendered":"INITIAL D AE86 TRUENO EARLY TYPE GT APEX TAKUMI 86 RETRACT DOUBLE SPEC"},"content":{"rendered":"<p>EL INITIAL D AE86 TRUENO EARLY TYPE GT APEX TAKUMI 86 RETRACT DOUBLE SPEC ES UN MODELO PL\u00c1STICO QUE RECREA FIELMENTE EL LEGENDARIO TOYOTA AE86 DEL PROTAGONISTA TAKUMI FUJIWARA EN LA SERIE INITIAL D. CON DETALLES METICULOSOS QUE INCLUYEN EL DISE\u00d1O CARACTER\u00cdSTICO, EL MOTOR 4A-GE DE 1.6 LITROS Y OTROS ELEMENTOS DISTINTIVOS, CAPTURA LA ESENCIA DEL IC\u00d3NICO COCHE JAPON\u00c9S UTILIZADO EN CARRERAS CALLEJERAS Y EN MONTA\u00d1A.<br \/>\nES HORA DE COMPARTIR UN BUEN MOMENTO ARMANDO ESTA INCREIBLE PIEZA HISTORICA, NO PIERDAS ESTA OPORTUNIDAD Y ADQUIERE EL TUYO!<\/p>\n<p>FICHA TECNICA:<br \/>\nESCALA: 1\/32<br \/>\nFABRICADO POR AOSHIMA<br \/>\nESTADO: NUEVO<br \/>\nFIGURA PARA ENSAMBLAR<br \/>\nORIGEN JAPON<\/p>\n","protected":false},"excerpt":{"rendered":"<p>EL INITIAL D AE86 TRUENO EARLY TYPE GT APEX TAKUMI 86 RETRACT DOUBLE SPEC ES UN MODELO PL\u00c1STICO QUE RECREA FIELMENTE EL LEGENDARIO TOYOTA AE86 DEL PROTAGONISTA TAKUMI FUJIWARA EN LA SERIE INITIAL D<\/p>\n","protected":false},"featured_media":1559,"comment_status":"open","ping_status":"closed","template":"","meta":[],"product_brand":[],"product_cat":[90,89,84],"product_tag":[67],"class_list":{"0":"post-1558","1":"product","2":"type-product","3":"status-publish","4":"has-post-thumbnail","6":"product_cat-initial-d","7":"product_cat-novedades","8":"product_cat-ofertas","9":"product_tag-plastic-model","11":"first","12":"instock","13":"sale","14":"shipping-taxable","15":"purchasable","16":"product-type-simple"},"_links":{"self":[{"href":"https:\/\/juanchitoys.com\/index.php\/wp-json\/wp\/v2\/product\/1558","targetHints":{"allow":["GET"]}}],"collection":[{"href":"https:\/\/juanchitoys.com\/index.php\/wp-json\/wp\/v2\/product"}],"about":[{"href":"https:\/\/juanchitoys.com\/index.php\/wp-json\/wp\/v2\/types\/product"}],"replies":[{"embeddable":true,"href":"https:\/\/juanchitoys.com\/index.php\/wp-json\/wp\/v2\/comments?post=1558"}],"wp:featuredmedia":[{"embeddable":true,"href":"https:\/\/juanchitoys.com\/index.php\/wp-json\/wp\/v2\/media\/1559"}],"wp:attachment":[{"href":"https:\/\/juanchitoys.com\/index.php\/wp-json\/wp\/v2\/media?parent=1558"}],"wp:term":[{"taxonomy":"product_brand","embeddable":true,"href":"https:\/\/juanchitoys.com\/index.php\/wp-json\/wp\/v2\/product_brand?post=1558"},{"taxonomy":"product_cat","embeddable":true,"href":"https:\/\/juanchitoys.com\/index.php\/wp-json\/wp\/v2\/product_cat?post=1558"},{"taxonomy":"product_tag","embeddable":true,"href":"https:\/\/juanchitoys.com\/index.php\/wp-json\/wp\/v2\/product_tag?post=1558"}],"curies":[{"name":"wp","href":"https:\/\/api.w.org\/{rel}","templated":true}]}}