{"id":1481,"date":"2024-06-15T15:28:27","date_gmt":"2024-06-15T20:28:27","guid":{"rendered":"https:\/\/juanchitoys.com\/?post_type=product&#038;p=1481"},"modified":"2024-06-15T15:28:27","modified_gmt":"2024-06-15T20:28:27","slug":"shazam-diamond-select-gallery","status":"publish","type":"product","link":"https:\/\/juanchitoys.com\/index.php\/producto\/shazam-diamond-select-gallery\/","title":{"rendered":"SHAZAM DIAMOND SELECT GALLERY"},"content":{"rendered":"<p>&#8220;SHAZAM DIAMOND SELECT GALLERY&#8221; ES UNA FIGURA DE COLECCI\u00d3N DETALLADA QUE REPRESENTA AL SUPERH\u00c9ROE SHAZAM, CONOCIDO POR SU TRANSFORMACI\u00d3N DESDE UN JOVEN ADOLESCENTE EN BILLY BATSON. ESTA FIGURA CAPTURA LA ENERG\u00cdA Y LA FUERZA DEL PERSONAJE, CON UN DISE\u00d1O DIN\u00c1MICO Y UNA BASE DE EXHIBICI\u00d3N QUE RESALTA SU PRESENCIA HEROICA. ES IDEAL PARA LOS FANS DE DC COMICS Y DE SHAZAM QUE BUSCAN UNA REPRESENTACI\u00d3N IMPRESIONANTE Y FIEL DEL PERSONA.<\/p>\n<p>FICHA TENICA:<br \/>\nTAMA\u00d1O 18 CM<br \/>\nLINEA GALLERY DIAMOND SELECT TOYS<\/p>\n","protected":false},"excerpt":{"rendered":"<p>&#8220;SHAZAM DIAMOND SELECT GALLERY&#8221; ES UNA FIGURA DE COLECCI\u00d3N DETALLADA QUE REPRESENTA AL SUPERH\u00c9ROE SHAZAM<\/p>\n","protected":false},"featured_media":1483,"comment_status":"open","ping_status":"closed","template":"","meta":[],"product_brand":[],"product_cat":[60,75],"product_tag":[76],"class_list":{"0":"post-1481","1":"product","2":"type-product","3":"status-publish","4":"has-post-thumbnail","6":"product_cat-peliculas","7":"product_cat-varios","8":"product_tag-diamond","10":"first","11":"instock","12":"shipping-taxable","13":"purchasable","14":"product-type-simple"},"_links":{"self":[{"href":"https:\/\/juanchitoys.com\/index.php\/wp-json\/wp\/v2\/product\/1481","targetHints":{"allow":["GET"]}}],"collection":[{"href":"https:\/\/juanchitoys.com\/index.php\/wp-json\/wp\/v2\/product"}],"about":[{"href":"https:\/\/juanchitoys.com\/index.php\/wp-json\/wp\/v2\/types\/product"}],"replies":[{"embeddable":true,"href":"https:\/\/juanchitoys.com\/index.php\/wp-json\/wp\/v2\/comments?post=1481"}],"wp:featuredmedia":[{"embeddable":true,"href":"https:\/\/juanchitoys.com\/index.php\/wp-json\/wp\/v2\/media\/1483"}],"wp:attachment":[{"href":"https:\/\/juanchitoys.com\/index.php\/wp-json\/wp\/v2\/media?parent=1481"}],"wp:term":[{"taxonomy":"product_brand","embeddable":true,"href":"https:\/\/juanchitoys.com\/index.php\/wp-json\/wp\/v2\/product_brand?post=1481"},{"taxonomy":"product_cat","embeddable":true,"href":"https:\/\/juanchitoys.com\/index.php\/wp-json\/wp\/v2\/product_cat?post=1481"},{"taxonomy":"product_tag","embeddable":true,"href":"https:\/\/juanchitoys.com\/index.php\/wp-json\/wp\/v2\/product_tag?post=1481"}],"curies":[{"name":"wp","href":"https:\/\/api.w.org\/{rel}","templated":true}]}}