{"id":1442,"date":"2024-06-15T14:45:14","date_gmt":"2024-06-15T19:45:14","guid":{"rendered":"https:\/\/juanchitoys.com\/?post_type=product&#038;p=1442"},"modified":"2024-06-15T14:45:14","modified_gmt":"2024-06-15T19:45:14","slug":"the-power-of-the-force-han-solo-with-blaster-pistol","status":"publish","type":"product","link":"https:\/\/juanchitoys.com\/index.php\/producto\/the-power-of-the-force-han-solo-with-blaster-pistol\/","title":{"rendered":"THE POWER OF THE FORCE HAN SOLO WITH BLASTER PISTOL"},"content":{"rendered":"<p>&#8220;EL PODER DE LA FUERZA HAN SOLO CON PISTOLA BLASTER&#8221; ES UNA FIGURA DE ACCI\u00d3N DE STAR WARS QUE REPRESENTA A HAN SOLO ARMADO CON SU CARACTER\u00cdSTICO BL\u00c1STER. LA FIGURA CAPTURA SU POSTURA SEGURA Y LISTA PARA LA ACCI\u00d3N, REFLEJANDO SU HABILIDAD COMO CONTRABANDISTA Y PILOTO DEL HALC\u00d3N MILENARIO. ES UNA REPRESENTACI\u00d3N IC\u00d3NICA DEL INTR\u00c9PIDO H\u00c9ROE REBELDE<\/p>\n<p>FICHA TENICA:<br \/>\nTAMA\u00d1O 10 CM<br \/>\nMARCA HASBRO 1998<\/p>\n","protected":false},"excerpt":{"rendered":"<p>&#8220;EL PODER DE LA FUERZA HAN SOLO CON PISTOLA BLASTER&#8221; ES UNA FIGURA DE ACCI\u00d3N DE STAR WARS QUE REPRESENTA A HAN SOLO ARMADO CON SU CARACTER\u00cdSTICO BL\u00c1STER<\/p>\n","protected":false},"featured_media":1443,"comment_status":"open","ping_status":"closed","template":"","meta":[],"product_brand":[],"product_cat":[60,72],"product_tag":[73],"class_list":{"0":"post-1442","1":"product","2":"type-product","3":"status-publish","4":"has-post-thumbnail","6":"product_cat-peliculas","7":"product_cat-star-wars","8":"product_tag-hasbro","10":"first","11":"instock","12":"shipping-taxable","13":"purchasable","14":"product-type-simple"},"_links":{"self":[{"href":"https:\/\/juanchitoys.com\/index.php\/wp-json\/wp\/v2\/product\/1442","targetHints":{"allow":["GET"]}}],"collection":[{"href":"https:\/\/juanchitoys.com\/index.php\/wp-json\/wp\/v2\/product"}],"about":[{"href":"https:\/\/juanchitoys.com\/index.php\/wp-json\/wp\/v2\/types\/product"}],"replies":[{"embeddable":true,"href":"https:\/\/juanchitoys.com\/index.php\/wp-json\/wp\/v2\/comments?post=1442"}],"wp:featuredmedia":[{"embeddable":true,"href":"https:\/\/juanchitoys.com\/index.php\/wp-json\/wp\/v2\/media\/1443"}],"wp:attachment":[{"href":"https:\/\/juanchitoys.com\/index.php\/wp-json\/wp\/v2\/media?parent=1442"}],"wp:term":[{"taxonomy":"product_brand","embeddable":true,"href":"https:\/\/juanchitoys.com\/index.php\/wp-json\/wp\/v2\/product_brand?post=1442"},{"taxonomy":"product_cat","embeddable":true,"href":"https:\/\/juanchitoys.com\/index.php\/wp-json\/wp\/v2\/product_cat?post=1442"},{"taxonomy":"product_tag","embeddable":true,"href":"https:\/\/juanchitoys.com\/index.php\/wp-json\/wp\/v2\/product_tag?post=1442"}],"curies":[{"name":"wp","href":"https:\/\/api.w.org\/{rel}","templated":true}]}}