{"id":1438,"date":"2024-06-15T14:39:04","date_gmt":"2024-06-15T19:39:04","guid":{"rendered":"https:\/\/juanchitoys.com\/?post_type=product&#038;p=1438"},"modified":"2024-06-15T14:42:52","modified_gmt":"2024-06-15T19:42:52","slug":"1438","status":"publish","type":"product","link":"https:\/\/juanchitoys.com\/index.php\/producto\/1438\/","title":{"rendered":"THE POWER OF THE FORCE BESPIN LUKE SKYWALKER"},"content":{"rendered":"<p>&#8220;THE POWER OF THE FORCE BESPIN LUKE SKYWALKER&#8221; ES UNA FIGURA DE ACCI\u00d3N DE STAR WARS QUE REPRESENTA A LUKE SKYWALKER DURANTE SU ESTANCIA EN LA CIUDAD DE LAS NUBES EN EL PLANETA BESPIN. LA FIGURA CAPTURA SU APARIENCIA CON DETALLES PRECISOS DE SU ATUENDO CARACTER\u00cdSTICO, INCLUYENDO EL TRAJE DE PILOTO Y LA CAPA, DURANTE SU ENFRENTAMIENTO CON DARTH VADER EN &#8220;EL IMPERIO CONTRAATACA&#8221;. ES UNA REPRESENTACI\u00d3N IC\u00d3NICA DEL H\u00c9ROE JEDI EN UN MOMENTO CRUCIAL DE LA SAGA GAL\u00c1CTICA.<\/p>\n<p>FICHA TENICA:<br \/>\nTAMA\u00d1O 10 CM<br \/>\nMARCA HASBRO 1997<\/p>\n","protected":false},"excerpt":{"rendered":"<p>&#8220;THE POWER OF THE FORCE BESPIN LUKE SKYWALKER&#8221; ES UNA FIGURA DE ACCI\u00d3N DE STAR WARS QUE REPRESENTA A LUKE SKYWALKER DURANTE SU ESTANCIA EN LA CIUDAD DE LAS NUBES EN EL PLANETA BESPIN<\/p>\n","protected":false},"featured_media":1439,"comment_status":"open","ping_status":"closed","template":"","meta":[],"product_brand":[],"product_cat":[60,72],"product_tag":[73],"class_list":{"0":"post-1438","1":"product","2":"type-product","3":"status-publish","4":"has-post-thumbnail","6":"product_cat-peliculas","7":"product_cat-star-wars","8":"product_tag-hasbro","10":"first","11":"instock","12":"shipping-taxable","13":"purchasable","14":"product-type-simple"},"_links":{"self":[{"href":"https:\/\/juanchitoys.com\/index.php\/wp-json\/wp\/v2\/product\/1438","targetHints":{"allow":["GET"]}}],"collection":[{"href":"https:\/\/juanchitoys.com\/index.php\/wp-json\/wp\/v2\/product"}],"about":[{"href":"https:\/\/juanchitoys.com\/index.php\/wp-json\/wp\/v2\/types\/product"}],"replies":[{"embeddable":true,"href":"https:\/\/juanchitoys.com\/index.php\/wp-json\/wp\/v2\/comments?post=1438"}],"wp:featuredmedia":[{"embeddable":true,"href":"https:\/\/juanchitoys.com\/index.php\/wp-json\/wp\/v2\/media\/1439"}],"wp:attachment":[{"href":"https:\/\/juanchitoys.com\/index.php\/wp-json\/wp\/v2\/media?parent=1438"}],"wp:term":[{"taxonomy":"product_brand","embeddable":true,"href":"https:\/\/juanchitoys.com\/index.php\/wp-json\/wp\/v2\/product_brand?post=1438"},{"taxonomy":"product_cat","embeddable":true,"href":"https:\/\/juanchitoys.com\/index.php\/wp-json\/wp\/v2\/product_cat?post=1438"},{"taxonomy":"product_tag","embeddable":true,"href":"https:\/\/juanchitoys.com\/index.php\/wp-json\/wp\/v2\/product_tag?post=1438"}],"curies":[{"name":"wp","href":"https:\/\/api.w.org\/{rel}","templated":true}]}}