{"id":1398,"date":"2024-06-15T13:34:31","date_gmt":"2024-06-15T18:34:31","guid":{"rendered":"https:\/\/juanchitoys.com\/?post_type=product&#038;p=1398"},"modified":"2024-06-15T13:34:31","modified_gmt":"2024-06-15T18:34:31","slug":"episode-1-padme-naberrie","status":"publish","type":"product","link":"https:\/\/juanchitoys.com\/index.php\/producto\/episode-1-padme-naberrie\/","title":{"rendered":"EPISODE 1 PADM\u00c9 NABERRIE"},"content":{"rendered":"<p>&#8220;EPISODIO 1: PADM\u00c9 NABERRIE&#8221; SIGUE LOS PASOS DE PADM\u00c9 AMIDALA DESPU\u00c9S DE LOS EVENTOS DE &#8220;LA VENGANZA DE LOS SITH&#8221;. AMBIENTADA EN EL TUMULTUOSO PERIODO POSTERIOR AL IMPERIO, LA SERIE SIGUE A PADM\u00c9 MIENTRAS LUCHA POR LA JUSTICIA Y LA PAZ EN LA GALAXIA.<\/p>\n<p>FICHA TENICA:<br \/>\nTAMA\u00d1O 10 CM<br \/>\nMARCA HASBRO 1998<\/p>\n","protected":false},"excerpt":{"rendered":"<p>&#8220;EPISODIO 1: PADM\u00c9 NABERRIE&#8221; SIGUE LOS PASOS DE PADM\u00c9 AMIDALA DESPU\u00c9S DE LOS EVENTOS DE &#8220;LA VENGANZA DE LOS SITH&#8221;<\/p>\n","protected":false},"featured_media":1399,"comment_status":"open","ping_status":"closed","template":"","meta":[],"product_brand":[],"product_cat":[60,72],"product_tag":[73],"class_list":{"0":"post-1398","1":"product","2":"type-product","3":"status-publish","4":"has-post-thumbnail","6":"product_cat-peliculas","7":"product_cat-star-wars","8":"product_tag-hasbro","10":"first","11":"instock","12":"shipping-taxable","13":"purchasable","14":"product-type-simple"},"_links":{"self":[{"href":"https:\/\/juanchitoys.com\/index.php\/wp-json\/wp\/v2\/product\/1398","targetHints":{"allow":["GET"]}}],"collection":[{"href":"https:\/\/juanchitoys.com\/index.php\/wp-json\/wp\/v2\/product"}],"about":[{"href":"https:\/\/juanchitoys.com\/index.php\/wp-json\/wp\/v2\/types\/product"}],"replies":[{"embeddable":true,"href":"https:\/\/juanchitoys.com\/index.php\/wp-json\/wp\/v2\/comments?post=1398"}],"wp:featuredmedia":[{"embeddable":true,"href":"https:\/\/juanchitoys.com\/index.php\/wp-json\/wp\/v2\/media\/1399"}],"wp:attachment":[{"href":"https:\/\/juanchitoys.com\/index.php\/wp-json\/wp\/v2\/media?parent=1398"}],"wp:term":[{"taxonomy":"product_brand","embeddable":true,"href":"https:\/\/juanchitoys.com\/index.php\/wp-json\/wp\/v2\/product_brand?post=1398"},{"taxonomy":"product_cat","embeddable":true,"href":"https:\/\/juanchitoys.com\/index.php\/wp-json\/wp\/v2\/product_cat?post=1398"},{"taxonomy":"product_tag","embeddable":true,"href":"https:\/\/juanchitoys.com\/index.php\/wp-json\/wp\/v2\/product_tag?post=1398"}],"curies":[{"name":"wp","href":"https:\/\/api.w.org\/{rel}","templated":true}]}}